{"id":10435,"date":"2023-06-21T16:02:46","date_gmt":"2023-06-21T15:02:46","guid":{"rendered":"https:\/\/www.tejidosanacordoba.es\/?post_type=product&#038;p=10435"},"modified":"2023-09-23T12:09:10","modified_gmt":"2023-09-23T11:09:10","slug":"154-verde-brillante","status":"publish","type":"product","link":"https:\/\/www.tejidosanacordoba.es\/index.php\/producto\/154-verde-brillante\/","title":{"rendered":"154 &#8211; Verde brillante"},"content":{"rendered":"","protected":false},"excerpt":{"rendered":"<p>En este articulo no existe el blanco puro, es un blanco tomado.<\/p>\n<p>100% Merino Extrafine<br \/>\n50 grs.<\/p>\n<div class=\"description-product sidebar-box\">\n<p>Lana 100% merino para pieles sensibles de colores alegres. Gracias al tratamiento Total Easy Care se puede lavar en lavadora y secar en la secadora, sin tener que renunciar a la delicadeza de una prenda hecha a mano. Recomendada para vestidos de beb\u00e9, patucos o jers\u00e9is de invierno para beb\u00e9s y ni\u00f1os.<\/p>\n<\/div>\n<div class=\"description-product sidebar-box\">\n<p>Cada ovillo tiene 50 gramos y 165 metros. Este hilo es de grosor fino, recomendamos usar agujas del 3-3,5.<br \/>\nPara realizar un jersey de mujer de manga larga talla 42 se necesitan 9 ovillos.<br \/>\nLavable a m\u00e1quina hasta 30\u00baC en programa para lana. Se puede secar en secadora.<\/p>\n<p>Los colores pueden variar dependiendo el dispositivo que se vean.<\/p>\n<\/div>\n","protected":false},"featured_media":10419,"comment_status":"open","ping_status":"closed","template":"","meta":[],"product_brand":[],"product_cat":[111],"product_tag":[],"class_list":{"0":"post-10435","1":"product","2":"type-product","3":"status-publish","4":"has-post-thumbnail","6":"product_cat-merino-baby-100","8":"first","9":"instock","10":"taxable","11":"shipping-taxable","12":"purchasable","13":"product-type-simple","14":"add-to-wishlist-after_add_to_cart"},"jetpack_sharing_enabled":true,"_links":{"self":[{"href":"https:\/\/www.tejidosanacordoba.es\/index.php\/wp-json\/wp\/v2\/product\/10435","targetHints":{"allow":["GET"]}}],"collection":[{"href":"https:\/\/www.tejidosanacordoba.es\/index.php\/wp-json\/wp\/v2\/product"}],"about":[{"href":"https:\/\/www.tejidosanacordoba.es\/index.php\/wp-json\/wp\/v2\/types\/product"}],"replies":[{"embeddable":true,"href":"https:\/\/www.tejidosanacordoba.es\/index.php\/wp-json\/wp\/v2\/comments?post=10435"}],"version-history":[{"count":1,"href":"https:\/\/www.tejidosanacordoba.es\/index.php\/wp-json\/wp\/v2\/product\/10435\/revisions"}],"predecessor-version":[{"id":10436,"href":"https:\/\/www.tejidosanacordoba.es\/index.php\/wp-json\/wp\/v2\/product\/10435\/revisions\/10436"}],"wp:featuredmedia":[{"embeddable":true,"href":"https:\/\/www.tejidosanacordoba.es\/index.php\/wp-json\/wp\/v2\/media\/10419"}],"wp:attachment":[{"href":"https:\/\/www.tejidosanacordoba.es\/index.php\/wp-json\/wp\/v2\/media?parent=10435"}],"wp:term":[{"taxonomy":"product_brand","embeddable":true,"href":"https:\/\/www.tejidosanacordoba.es\/index.php\/wp-json\/wp\/v2\/product_brand?post=10435"},{"taxonomy":"product_cat","embeddable":true,"href":"https:\/\/www.tejidosanacordoba.es\/index.php\/wp-json\/wp\/v2\/product_cat?post=10435"},{"taxonomy":"product_tag","embeddable":true,"href":"https:\/\/www.tejidosanacordoba.es\/index.php\/wp-json\/wp\/v2\/product_tag?post=10435"}],"curies":[{"name":"wp","href":"https:\/\/api.w.org\/{rel}","templated":true}]}}

<p>En este articulo no existe el blanco puro, es un blanco tomado.</p>
<p>100% Merino Extrafine<br />
50 grs.</p>
<div class="description-product sidebar-box">
<p>Lana 100% merino para pieles sensibles de colores alegres. Gracias al tratamiento Total Easy Care se puede lavar en lavadora y secar en la secadora, sin tener que renunciar a la delicadeza de una prenda hecha a mano. Recomendada para vestidos de bebé, patucos o jerséis de invierno para bebés y niños.</p>
</div>
<div class="description-product sidebar-box">
<p>Cada ovillo tiene 50 gramos y 165 metros. Este hilo es de grosor fino, recomendamos usar agujas del 3-3,5.<br />
Para realizar un jersey de mujer de manga larga talla 42 se necesitan 9 ovillos.<br />
Lavable a máquina hasta 30ºC en programa para lana. Se puede secar en secadora.</p>
<p>Los colores pueden variar dependiendo el dispositivo que se vean.</p>
</div>
