{"id":10938,"date":"2023-08-09T20:44:55","date_gmt":"2023-08-09T19:44:55","guid":{"rendered":"https:\/\/www.tejidosanacordoba.es\/?post_type=product&#038;p=10938"},"modified":"2024-12-13T13:01:16","modified_gmt":"2024-12-13T12:01:16","slug":"tejer-bebe-106","status":"publish","type":"product","link":"https:\/\/www.tejidosanacordoba.es\/index.php\/producto\/tejer-bebe-106\/","title":{"rendered":"Tejer Beb\u00e9 106"},"content":{"rendered":"","protected":false},"excerpt":{"rendered":"<p>\u00a1Crea prendas adorables y \u00fanicas para tu beb\u00e9 con la Revista Katia Beb\u00e9 106! Con una paleta de colores suaves y vibrantes, dise\u00f1os de rayas y animales, y patrones f\u00e1ciles de seguir, esta revista es perfecta para aquellos que buscan moda para beb\u00e9s hecha a mano y con amor. Desde un bonito rosa empolvado hasta un azul jeans y chocolate, cada color est\u00e1 cuidadosamente seleccionado para acompa\u00f1ar los primeros meses del beb\u00e9. \u00a1Disfruta tejiendo prendas y accesorios \u00fanicos para tu peque\u00f1o con la Revista Katia Beb\u00e9 106!<\/p>\n","protected":false},"featured_media":10963,"comment_status":"open","ping_status":"closed","template":"","meta":[],"product_brand":[],"product_cat":[106],"product_tag":[],"class_list":{"0":"post-10938","1":"product","2":"type-product","3":"status-publish","4":"has-post-thumbnail","6":"product_cat-patrones-tejer","8":"first","9":"instock","10":"taxable","11":"shipping-taxable","12":"purchasable","13":"product-type-simple","14":"add-to-wishlist-after_add_to_cart"},"jetpack_sharing_enabled":true,"_links":{"self":[{"href":"https:\/\/www.tejidosanacordoba.es\/index.php\/wp-json\/wp\/v2\/product\/10938","targetHints":{"allow":["GET"]}}],"collection":[{"href":"https:\/\/www.tejidosanacordoba.es\/index.php\/wp-json\/wp\/v2\/product"}],"about":[{"href":"https:\/\/www.tejidosanacordoba.es\/index.php\/wp-json\/wp\/v2\/types\/product"}],"replies":[{"embeddable":true,"href":"https:\/\/www.tejidosanacordoba.es\/index.php\/wp-json\/wp\/v2\/comments?post=10938"}],"version-history":[{"count":2,"href":"https:\/\/www.tejidosanacordoba.es\/index.php\/wp-json\/wp\/v2\/product\/10938\/revisions"}],"predecessor-version":[{"id":10964,"href":"https:\/\/www.tejidosanacordoba.es\/index.php\/wp-json\/wp\/v2\/product\/10938\/revisions\/10964"}],"wp:featuredmedia":[{"embeddable":true,"href":"https:\/\/www.tejidosanacordoba.es\/index.php\/wp-json\/wp\/v2\/media\/10963"}],"wp:attachment":[{"href":"https:\/\/www.tejidosanacordoba.es\/index.php\/wp-json\/wp\/v2\/media?parent=10938"}],"wp:term":[{"taxonomy":"product_brand","embeddable":true,"href":"https:\/\/www.tejidosanacordoba.es\/index.php\/wp-json\/wp\/v2\/product_brand?post=10938"},{"taxonomy":"product_cat","embeddable":true,"href":"https:\/\/www.tejidosanacordoba.es\/index.php\/wp-json\/wp\/v2\/product_cat?post=10938"},{"taxonomy":"product_tag","embeddable":true,"href":"https:\/\/www.tejidosanacordoba.es\/index.php\/wp-json\/wp\/v2\/product_tag?post=10938"}],"curies":[{"name":"wp","href":"https:\/\/api.w.org\/{rel}","templated":true}]}}

Tejer Bebé 106

<p>¡Crea prendas adorables y únicas para tu bebé con la Revista Katia Bebé 106! Con una paleta de colores suaves y vibrantes, diseños de rayas y animales, y patrones fáciles de seguir, esta revista es perfecta para aquellos que buscan moda para bebés hecha a mano y con amor. Desde un bonito rosa empolvado hasta un azul jeans y chocolate, cada color está cuidadosamente seleccionado para acompañar los primeros meses del bebé. ¡Disfruta tejiendo prendas y accesorios únicos para tu pequeño con la Revista Katia Bebé 106!</p>
