{"id":11123,"date":"2023-09-22T12:17:57","date_gmt":"2023-09-22T11:17:57","guid":{"rendered":"https:\/\/www.tejidosanacordoba.es\/?post_type=product&#038;p=11123"},"modified":"2024-12-13T16:25:16","modified_gmt":"2024-12-13T15:25:16","slug":"revista-patrones-no24","status":"publish","type":"product","link":"https:\/\/www.tejidosanacordoba.es\/index.php\/producto\/revista-patrones-no24\/","title":{"rendered":"Revista patrones n\u00ba24"},"content":{"rendered":"","protected":false},"excerpt":{"rendered":"<p>\u2013 Oto\u00f1o\/Invierno<br \/>\n\u2013 30 Patrones Especial Moda para Ni\u00f1os<br \/>\n\u2013 Tallas de 1 a\u00f1o a 12 a\u00f1os<br \/>\n\u2013 Incluye instrucciones de Corte, informaci\u00f3n de los materiales utilizados en cada confecci\u00f3n, consejos y v\u00eddeos tutoriales de Youtube<\/p>\n","protected":false},"featured_media":11110,"comment_status":"open","ping_status":"closed","template":"","meta":[],"product_brand":[],"product_cat":[108],"product_tag":[],"class_list":{"0":"post-11123","1":"product","2":"type-product","3":"status-publish","4":"has-post-thumbnail","6":"product_cat-patrones-coser-revistas-patrones","8":"first","9":"instock","10":"taxable","11":"shipping-taxable","12":"purchasable","13":"product-type-simple","14":"add-to-wishlist-after_add_to_cart"},"jetpack_sharing_enabled":true,"_links":{"self":[{"href":"https:\/\/www.tejidosanacordoba.es\/index.php\/wp-json\/wp\/v2\/product\/11123","targetHints":{"allow":["GET"]}}],"collection":[{"href":"https:\/\/www.tejidosanacordoba.es\/index.php\/wp-json\/wp\/v2\/product"}],"about":[{"href":"https:\/\/www.tejidosanacordoba.es\/index.php\/wp-json\/wp\/v2\/types\/product"}],"replies":[{"embeddable":true,"href":"https:\/\/www.tejidosanacordoba.es\/index.php\/wp-json\/wp\/v2\/comments?post=11123"}],"version-history":[{"count":2,"href":"https:\/\/www.tejidosanacordoba.es\/index.php\/wp-json\/wp\/v2\/product\/11123\/revisions"}],"predecessor-version":[{"id":12921,"href":"https:\/\/www.tejidosanacordoba.es\/index.php\/wp-json\/wp\/v2\/product\/11123\/revisions\/12921"}],"wp:featuredmedia":[{"embeddable":true,"href":"https:\/\/www.tejidosanacordoba.es\/index.php\/wp-json\/wp\/v2\/media\/11110"}],"wp:attachment":[{"href":"https:\/\/www.tejidosanacordoba.es\/index.php\/wp-json\/wp\/v2\/media?parent=11123"}],"wp:term":[{"taxonomy":"product_brand","embeddable":true,"href":"https:\/\/www.tejidosanacordoba.es\/index.php\/wp-json\/wp\/v2\/product_brand?post=11123"},{"taxonomy":"product_cat","embeddable":true,"href":"https:\/\/www.tejidosanacordoba.es\/index.php\/wp-json\/wp\/v2\/product_cat?post=11123"},{"taxonomy":"product_tag","embeddable":true,"href":"https:\/\/www.tejidosanacordoba.es\/index.php\/wp-json\/wp\/v2\/product_tag?post=11123"}],"curies":[{"name":"wp","href":"https:\/\/api.w.org\/{rel}","templated":true}]}}

Revista patrones nº24

<p>– Otoño/Invierno<br />
– 30 Patrones Especial Moda para Niños<br />
– Tallas de 1 año a 12 años<br />
– Incluye instrucciones de Corte, información de los materiales utilizados en cada confección, consejos y vídeos tutoriales de Youtube</p>
