{"id":11215,"date":"2023-09-28T10:04:15","date_gmt":"2023-09-28T09:04:15","guid":{"rendered":"https:\/\/www.tejidosanacordoba.es\/?post_type=product&#038;p=11215"},"modified":"2023-09-28T10:51:04","modified_gmt":"2023-09-28T09:51:04","slug":"11215","status":"publish","type":"product","link":"https:\/\/www.tejidosanacordoba.es\/index.php\/producto\/11215\/","title":{"rendered":"Linen-viscose lila"},"content":{"rendered":"","protected":false},"excerpt":{"rendered":"<p>70% Viscosa &#8211; 30% Lino<\/p>\n<div class=\" container-fluid cont-detail-product cont-detail-tela\">\n<div class=\"row\">\n<div class=\"col-md-12 col-lg-6\">\n<div class=\"container container-tabs-info\">\n<div class=\"row\">\n<div class=\"col-md-12\">\n<div class=\"\">\n<div class=\"tab-content\">\n<div id=\"info\" class=\"tab-pane fade show active \" role=\"tabpanel\">\n<div class=\"row\">\n<div class=\"col-md-12\">\n<div>\n<p>-Aguja universal, grosor: 80\/90.&gt;br&gt; -Recomendamos vaporizar o lavar el tejido antes de cortar y confeccionar.<\/p>\n<p>El tejido de lino y viscosa Linen-Viscose Slub Mustard es una tela de lino y viscosa. Por su composici\u00f3n, al contener viscosa, es un tejido con m\u00e1s ca\u00edda que el lino, aunque a primera vista es un tejido que recuerda al lino por el tipo de trama. Ideal para coser pantalones o faldas, aunque tambi\u00e9n se puede usar para coser accesorios para el hogar.<\/p>\n<\/div>\n<\/div>\n<\/div>\n<\/div>\n<\/div>\n<\/div>\n<\/div>\n<\/div>\n<\/div>\n<\/div>\n<\/div>\n<\/div>\n","protected":false},"featured_media":11214,"comment_status":"open","ping_status":"closed","template":"","meta":[],"product_brand":[],"product_cat":[96,120],"product_tag":[],"class_list":{"0":"post-11215","1":"product","2":"type-product","3":"status-publish","4":"has-post-thumbnail","6":"product_cat-katia","7":"product_cat-lino","9":"first","10":"instock","11":"taxable","12":"shipping-taxable","13":"purchasable","14":"product-type-simple","15":"add-to-wishlist-after_add_to_cart"},"jetpack_sharing_enabled":true,"_links":{"self":[{"href":"https:\/\/www.tejidosanacordoba.es\/index.php\/wp-json\/wp\/v2\/product\/11215","targetHints":{"allow":["GET"]}}],"collection":[{"href":"https:\/\/www.tejidosanacordoba.es\/index.php\/wp-json\/wp\/v2\/product"}],"about":[{"href":"https:\/\/www.tejidosanacordoba.es\/index.php\/wp-json\/wp\/v2\/types\/product"}],"replies":[{"embeddable":true,"href":"https:\/\/www.tejidosanacordoba.es\/index.php\/wp-json\/wp\/v2\/comments?post=11215"}],"version-history":[{"count":2,"href":"https:\/\/www.tejidosanacordoba.es\/index.php\/wp-json\/wp\/v2\/product\/11215\/revisions"}],"predecessor-version":[{"id":11229,"href":"https:\/\/www.tejidosanacordoba.es\/index.php\/wp-json\/wp\/v2\/product\/11215\/revisions\/11229"}],"wp:featuredmedia":[{"embeddable":true,"href":"https:\/\/www.tejidosanacordoba.es\/index.php\/wp-json\/wp\/v2\/media\/11214"}],"wp:attachment":[{"href":"https:\/\/www.tejidosanacordoba.es\/index.php\/wp-json\/wp\/v2\/media?parent=11215"}],"wp:term":[{"taxonomy":"product_brand","embeddable":true,"href":"https:\/\/www.tejidosanacordoba.es\/index.php\/wp-json\/wp\/v2\/product_brand?post=11215"},{"taxonomy":"product_cat","embeddable":true,"href":"https:\/\/www.tejidosanacordoba.es\/index.php\/wp-json\/wp\/v2\/product_cat?post=11215"},{"taxonomy":"product_tag","embeddable":true,"href":"https:\/\/www.tejidosanacordoba.es\/index.php\/wp-json\/wp\/v2\/product_tag?post=11215"}],"curies":[{"name":"wp","href":"https:\/\/api.w.org\/{rel}","templated":true}]}}