{"id":11562,"date":"2024-01-18T19:30:19","date_gmt":"2024-01-18T18:30:19","guid":{"rendered":"https:\/\/www.tejidosanacordoba.es\/?post_type=product&#038;p=11562"},"modified":"2024-12-13T13:01:40","modified_gmt":"2024-12-13T12:01:40","slug":"tejer-bebe-108","status":"publish","type":"product","link":"https:\/\/www.tejidosanacordoba.es\/index.php\/producto\/tejer-bebe-108\/","title":{"rendered":"Tejer Beb\u00e9 108"},"content":{"rendered":"","protected":false},"excerpt":{"rendered":"<p>Descubre la revista Beb\u00e9 108, una c\u00e1lida y veraniega colecci\u00f3n de 36 modelos tejidos a mano. Gracias a sus combinaciones de colores suaves con toques m\u00e1s vibrantes, esta revista es una fuente de inspiraci\u00f3n para las madres y las abuelas tejedoras. Los colores azul, lila y rosa aportan frescura a los modelos de verano para los m\u00e1s peques. Las mantas se declinan en una paleta de colores acidulados para darle un toque divertido y alegre a la habitaci\u00f3n de tu b\u00e9b\u00e9. \u00a1Hojea esta inspiradora revista Katia Beb\u00e9 108 y comienza a tejer las primeras prendas de beb\u00e9 hoy mismo!<\/p>\n","protected":false},"featured_media":11527,"comment_status":"open","ping_status":"closed","template":"","meta":[],"product_brand":[],"product_cat":[106],"product_tag":[],"class_list":{"0":"post-11562","1":"product","2":"type-product","3":"status-publish","4":"has-post-thumbnail","6":"product_cat-patrones-tejer","8":"first","9":"instock","10":"taxable","11":"shipping-taxable","12":"purchasable","13":"product-type-simple","14":"add-to-wishlist-after_add_to_cart"},"jetpack_sharing_enabled":true,"_links":{"self":[{"href":"https:\/\/www.tejidosanacordoba.es\/index.php\/wp-json\/wp\/v2\/product\/11562","targetHints":{"allow":["GET"]}}],"collection":[{"href":"https:\/\/www.tejidosanacordoba.es\/index.php\/wp-json\/wp\/v2\/product"}],"about":[{"href":"https:\/\/www.tejidosanacordoba.es\/index.php\/wp-json\/wp\/v2\/types\/product"}],"replies":[{"embeddable":true,"href":"https:\/\/www.tejidosanacordoba.es\/index.php\/wp-json\/wp\/v2\/comments?post=11562"}],"version-history":[{"count":1,"href":"https:\/\/www.tejidosanacordoba.es\/index.php\/wp-json\/wp\/v2\/product\/11562\/revisions"}],"predecessor-version":[{"id":11563,"href":"https:\/\/www.tejidosanacordoba.es\/index.php\/wp-json\/wp\/v2\/product\/11562\/revisions\/11563"}],"wp:featuredmedia":[{"embeddable":true,"href":"https:\/\/www.tejidosanacordoba.es\/index.php\/wp-json\/wp\/v2\/media\/11527"}],"wp:attachment":[{"href":"https:\/\/www.tejidosanacordoba.es\/index.php\/wp-json\/wp\/v2\/media?parent=11562"}],"wp:term":[{"taxonomy":"product_brand","embeddable":true,"href":"https:\/\/www.tejidosanacordoba.es\/index.php\/wp-json\/wp\/v2\/product_brand?post=11562"},{"taxonomy":"product_cat","embeddable":true,"href":"https:\/\/www.tejidosanacordoba.es\/index.php\/wp-json\/wp\/v2\/product_cat?post=11562"},{"taxonomy":"product_tag","embeddable":true,"href":"https:\/\/www.tejidosanacordoba.es\/index.php\/wp-json\/wp\/v2\/product_tag?post=11562"}],"curies":[{"name":"wp","href":"https:\/\/api.w.org\/{rel}","templated":true}]}}

Tejer Bebé 108

<p>Descubre la revista Bebé 108, una cálida y veraniega colección de 36 modelos tejidos a mano. Gracias a sus combinaciones de colores suaves con toques más vibrantes, esta revista es una fuente de inspiración para las madres y las abuelas tejedoras. Los colores azul, lila y rosa aportan frescura a los modelos de verano para los más peques. Las mantas se declinan en una paleta de colores acidulados para darle un toque divertido y alegre a la habitación de tu bébé. ¡Hojea esta inspiradora revista Katia Bebé 108 y comienza a tejer las primeras prendas de bebé hoy mismo!</p>
