{"id":11799,"date":"2024-03-02T16:02:06","date_gmt":"2024-03-02T15:02:06","guid":{"rendered":"https:\/\/www.tejidosanacordoba.es\/?post_type=product&#038;p=11799"},"modified":"2024-03-02T16:04:12","modified_gmt":"2024-03-02T15:04:12","slug":"viscose-twill-katia-pastry-winter","status":"publish","type":"product","link":"https:\/\/www.tejidosanacordoba.es\/index.php\/producto\/viscose-twill-katia-pastry-winter\/","title":{"rendered":"Viscose Twill Katia &#8211; Pastry Winter"},"content":{"rendered":"","protected":false},"excerpt":{"rendered":"<h1 class=\"h1\"><span style=\"font-size: 1rem;\">Si est\u00e1s buscando una tela que combine calidad, dulzura y elegancia, la\u00a0<\/span><strong style=\"font-size: 1rem;\">Tela Viscose Twill Katia &#8211; Pastry Winter<\/strong><span style=\"font-size: 1rem;\">\u00a0es la elecci\u00f3n perfecta. Gracias a su composici\u00f3n 100% viscosa, esta tela ofrece comodidad en cada proyecto. Ideal para confeccionar prendas con vuelo y ca\u00edda.<\/span><\/h1>\n<p class=\"intro-description-product text-grey text-center\">100% Viscosa<\/p>\n<div>-Aguja universal, grosor: 80 -Recomendamos vaporizar o lavar el tejido antes de cortar y confeccionar.<\/div>\n<div>\n<div class=\"lana-details-gris\">140cm &#8211; 135gr\/mt2<\/div>\n<div class=\"lana-details\">\n<div><img decoding=\"async\" title=\"Lavable a m\u00e1quina 30\u00ba\" src=\"https:\/\/www.katia.com\/files\/img\/pict-LAVMAQ30.jpg\" alt=\"Lavable a m\u00e1quina 30\u00ba\" width=\"44\" height=\"36\" align=\"left\" border=\"0\" \/><\/div>\n<div><img decoding=\"async\" title=\"No lej\u00eda\" src=\"https:\/\/www.katia.com\/files\/img\/pict-NOLEJIA.jpg\" alt=\"No lej\u00eda\" width=\"44\" height=\"36\" align=\"left\" border=\"0\" \/><\/div>\n<div><img decoding=\"async\" title=\"No secar en secadora\" src=\"https:\/\/www.katia.com\/files\/img\/pict-NOSECSEC.jpg\" alt=\"No secar en secadora\" width=\"44\" height=\"36\" align=\"left\" border=\"0\" \/><\/div>\n<div><img loading=\"lazy\" decoding=\"async\" title=\"No lavar en seco\" src=\"https:\/\/www.katia.com\/files\/img\/pict-nolavarenseco.jpg\" alt=\"No lavar en seco\" width=\"44\" height=\"36\" align=\"left\" border=\"0\" \/><\/div>\n<div><img loading=\"lazy\" decoding=\"async\" title=\"Planchar m\u00e1x. 150\u00ba\" src=\"https:\/\/www.katia.com\/files\/img\/pict-PL150.jpg\" alt=\"Planchar m\u00e1x. 150\u00ba\" width=\"44\" height=\"36\" align=\"left\" border=\"0\" \/><\/div>\n<\/div>\n<p>&nbsp;<\/p>\n<p class=\"description-product\"><span class=\"desctela\">Viscosa 100 %\u00a0<\/span><\/p>\n<\/div>\n<p>Los colores pueden variar seg\u00fan el dispositivo con el que se vean.<\/p>\n<p>&nbsp;<\/p>\n","protected":false},"featured_media":11796,"comment_status":"open","ping_status":"closed","template":"","meta":[],"product_brand":[],"product_cat":[96,37,51],"product_tag":[],"class_list":{"0":"post-11799","1":"product","2":"type-product","3":"status-publish","4":"has-post-thumbnail","6":"product_cat-katia","7":"product_cat-estilo-liberty","8":"product_cat-viscosas","10":"first","11":"instock","12":"taxable","13":"shipping-taxable","14":"purchasable","15":"product-type-simple","16":"add-to-wishlist-after_add_to_cart"},"jetpack_sharing_enabled":true,"_links":{"self":[{"href":"https:\/\/www.tejidosanacordoba.es\/index.php\/wp-json\/wp\/v2\/product\/11799","targetHints":{"allow":["GET"]}}],"collection":[{"href":"https:\/\/www.tejidosanacordoba.es\/index.php\/wp-json\/wp\/v2\/product"}],"about":[{"href":"https:\/\/www.tejidosanacordoba.es\/index.php\/wp-json\/wp\/v2\/types\/product"}],"replies":[{"embeddable":true,"href":"https:\/\/www.tejidosanacordoba.es\/index.php\/wp-json\/wp\/v2\/comments?post=11799"}],"version-history":[{"count":2,"href":"https:\/\/www.tejidosanacordoba.es\/index.php\/wp-json\/wp\/v2\/product\/11799\/revisions"}],"predecessor-version":[{"id":11801,"href":"https:\/\/www.tejidosanacordoba.es\/index.php\/wp-json\/wp\/v2\/product\/11799\/revisions\/11801"}],"wp:featuredmedia":[{"embeddable":true,"href":"https:\/\/www.tejidosanacordoba.es\/index.php\/wp-json\/wp\/v2\/media\/11796"}],"wp:attachment":[{"href":"https:\/\/www.tejidosanacordoba.es\/index.php\/wp-json\/wp\/v2\/media?parent=11799"}],"wp:term":[{"taxonomy":"product_brand","embeddable":true,"href":"https:\/\/www.tejidosanacordoba.es\/index.php\/wp-json\/wp\/v2\/product_brand?post=11799"},{"taxonomy":"product_cat","embeddable":true,"href":"https:\/\/www.tejidosanacordoba.es\/index.php\/wp-json\/wp\/v2\/product_cat?post=11799"},{"taxonomy":"product_tag","embeddable":true,"href":"https:\/\/www.tejidosanacordoba.es\/index.php\/wp-json\/wp\/v2\/product_tag?post=11799"}],"curies":[{"name":"wp","href":"https:\/\/api.w.org\/{rel}","templated":true}]}}

<h1 class="h1"><span style="font-size: 1rem;">Si estás buscando una tela que combine calidad, dulzura y elegancia, la </span><strong style="font-size: 1rem;">Tela Viscose Twill Katia &#8211; Pastry Winter</strong><span style="font-size: 1rem;"> es la elección perfecta. Gracias a su composición 100% viscosa, esta tela ofrece comodidad en cada proyecto. Ideal para confeccionar prendas con vuelo y caída.</span></h1>
<p class="intro-description-product text-grey text-center">100% Viscosa</p>
<div>-Aguja universal, grosor: 80 -Recomendamos vaporizar o lavar el tejido antes de cortar y confeccionar.</div>
<div>
<div class="lana-details-gris">140cm &#8211; 135gr/mt2</div>
<div class="lana-details">
<div><img decoding="async" title="Lavable a máquina 30º" src="https://www.katia.com/files/img/pict-LAVMAQ30.jpg" alt="Lavable a máquina 30º" width="44" height="36" align="left" border="0" /></div>
<div><img decoding="async" title="No lejía" src="https://www.katia.com/files/img/pict-NOLEJIA.jpg" alt="No lejía" width="44" height="36" align="left" border="0" /></div>
<div><img decoding="async" title="No secar en secadora" src="https://www.katia.com/files/img/pict-NOSECSEC.jpg" alt="No secar en secadora" width="44" height="36" align="left" border="0" /></div>
<div><img loading="lazy" decoding="async" title="No lavar en seco" src="https://www.katia.com/files/img/pict-nolavarenseco.jpg" alt="No lavar en seco" width="44" height="36" align="left" border="0" /></div>
<div><img loading="lazy" decoding="async" title="Planchar máx. 150º" src="https://www.katia.com/files/img/pict-PL150.jpg" alt="Planchar máx. 150º" width="44" height="36" align="left" border="0" /></div>
</div>
<p>&nbsp;</p>
<p class="description-product"><span class="desctela">Viscosa 100 % </span></p>
</div>
<p>Los colores pueden variar según el dispositivo con el que se vean.</p>
<p>&nbsp;</p>
