{"id":11844,"date":"2024-03-18T12:39:55","date_gmt":"2024-03-18T11:39:55","guid":{"rendered":"https:\/\/www.tejidosanacordoba.es\/?post_type=product&#038;p=11844"},"modified":"2026-01-23T20:04:53","modified_gmt":"2026-01-23T19:04:53","slug":"bolsa-para-labores-diseno-exclusivo-lady-desidia","status":"publish","type":"product","link":"https:\/\/www.tejidosanacordoba.es\/index.php\/producto\/bolsa-para-labores-diseno-exclusivo-lady-desidia\/","title":{"rendered":"Bolsa para labores dise\u00f1o exclusivo Lady Desidia"},"content":{"rendered":"","protected":false},"excerpt":{"rendered":"<p>Organiza tus proyectos de costura o punto con esta moderna bolsa para labores. Con un dise\u00f1o exclusivo creado por la ilustradora Lady Desidia para Katia Fabrics, cuenta con doble asa y muchos bolsillos exteriores e interiores. Los compartimentos internos se ajustan gracias al velcro, permiti\u00e9ndote personalizar el espacio a tu gusto. Adem\u00e1s, hay 3 orificios en el interior para pasar los hilos y evitar que se enreden. Guarda todos tus utensilios de tejer o coser sin problemas: desde telas hasta agujas o tijeras favoritas. \u00a1Mant\u00e9n el orden y encuentra f\u00e1cilmente tus materiales y \u00fatiles de costura, punto o ganchillo! Medidas: 25 cm (altura), 24 cm (ancho) y 38,5 cm (largo).<\/p>\n<p>Los colores pueden variar seg\u00fan el dispositivo en el que se vean.<\/p>\n<p>Para mas unidades de este producto, consulte con nuestra tienda a trav\u00e9s de correo electr\u00f3nico tejidos.ana.cordoba@gmail.com o WhatsApp 640 55 62 77.<\/p>\n","protected":false},"featured_media":14095,"comment_status":"open","ping_status":"closed","template":"","meta":[],"product_brand":[],"product_cat":[115,69,98,96],"product_tag":[],"class_list":{"0":"post-11844","1":"product","2":"type-product","3":"status-publish","4":"has-post-thumbnail","6":"product_cat-accesorios","7":"product_cat-lanas","8":"product_cat-ofertas","9":"product_cat-katia","11":"first","12":"instock","13":"sale","14":"taxable","15":"shipping-taxable","16":"purchasable","17":"product-type-simple","18":"add-to-wishlist-after_add_to_cart"},"jetpack_sharing_enabled":true,"_links":{"self":[{"href":"https:\/\/www.tejidosanacordoba.es\/index.php\/wp-json\/wp\/v2\/product\/11844","targetHints":{"allow":["GET"]}}],"collection":[{"href":"https:\/\/www.tejidosanacordoba.es\/index.php\/wp-json\/wp\/v2\/product"}],"about":[{"href":"https:\/\/www.tejidosanacordoba.es\/index.php\/wp-json\/wp\/v2\/types\/product"}],"replies":[{"embeddable":true,"href":"https:\/\/www.tejidosanacordoba.es\/index.php\/wp-json\/wp\/v2\/comments?post=11844"}],"version-history":[{"count":2,"href":"https:\/\/www.tejidosanacordoba.es\/index.php\/wp-json\/wp\/v2\/product\/11844\/revisions"}],"predecessor-version":[{"id":12985,"href":"https:\/\/www.tejidosanacordoba.es\/index.php\/wp-json\/wp\/v2\/product\/11844\/revisions\/12985"}],"wp:featuredmedia":[{"embeddable":true,"href":"https:\/\/www.tejidosanacordoba.es\/index.php\/wp-json\/wp\/v2\/media\/14095"}],"wp:attachment":[{"href":"https:\/\/www.tejidosanacordoba.es\/index.php\/wp-json\/wp\/v2\/media?parent=11844"}],"wp:term":[{"taxonomy":"product_brand","embeddable":true,"href":"https:\/\/www.tejidosanacordoba.es\/index.php\/wp-json\/wp\/v2\/product_brand?post=11844"},{"taxonomy":"product_cat","embeddable":true,"href":"https:\/\/www.tejidosanacordoba.es\/index.php\/wp-json\/wp\/v2\/product_cat?post=11844"},{"taxonomy":"product_tag","embeddable":true,"href":"https:\/\/www.tejidosanacordoba.es\/index.php\/wp-json\/wp\/v2\/product_tag?post=11844"}],"curies":[{"name":"wp","href":"https:\/\/api.w.org\/{rel}","templated":true}]}}

Bolsa para labores diseño exclusivo Lady Desidia

<p>Organiza tus proyectos de costura o punto con esta moderna bolsa para labores. Con un diseño exclusivo creado por la ilustradora Lady Desidia para Katia Fabrics, cuenta con doble asa y muchos bolsillos exteriores e interiores. Los compartimentos internos se ajustan gracias al velcro, permitiéndote personalizar el espacio a tu gusto. Además, hay 3 orificios en el interior para pasar los hilos y evitar que se enreden. Guarda todos tus utensilios de tejer o coser sin problemas: desde telas hasta agujas o tijeras favoritas. ¡Mantén el orden y encuentra fácilmente tus materiales y útiles de costura, punto o ganchillo! Medidas: 25 cm (altura), 24 cm (ancho) y 38,5 cm (largo).</p>
<p>Los colores pueden variar según el dispositivo en el que se vean.</p>
<p>Para mas unidades de este producto, consulte con nuestra tienda a través de correo electrónico tejidos.ana.cordoba@gmail.com o WhatsApp 640 55 62 77.</p>
