{"id":12030,"date":"2024-04-22T19:25:04","date_gmt":"2024-04-22T18:25:04","guid":{"rendered":"https:\/\/www.tejidosanacordoba.es\/?post_type=product&#038;p=12030"},"modified":"2024-04-22T19:33:47","modified_gmt":"2024-04-22T18:33:47","slug":"izu-2-1","status":"publish","type":"product","link":"https:\/\/www.tejidosanacordoba.es\/index.php\/producto\/izu-2-1\/","title":{"rendered":"Izu 2.1"},"content":{"rendered":"","protected":false},"excerpt":{"rendered":"<p>Tejido de viyela.<\/p>\n<p>Composici\u00f3n es 50% algod\u00f3n y 50% viscosa<\/p>\n<p>Una tela con caida y con un tacto suave.<\/p>\n<p>El tejido perfecto para realizar prendas originales con un dise\u00f1o \u00fanico que har\u00e1 de esa prenda hecha por ti, algo muy especial.<\/p>\n<p>Tambi\u00e9n puedes combinarlas con nuestras lana katia, por ejemplo con las lanas 100%.que aparecen en las fotos.<\/p>\n<p>Colores flores de tonos\u00a0 blanco roto y fondo rosa.<\/p>\n<p>145cm \u2013 150gr\/mt2<\/p>\n<p>Los colores pueden variar seg\u00fan el dispositivo que se vean.<\/p>\n","protected":false},"featured_media":12025,"comment_status":"open","ping_status":"closed","template":"","meta":[],"product_brand":[],"product_cat":[37,77],"product_tag":[],"class_list":{"0":"post-12030","1":"product","2":"type-product","3":"status-publish","4":"has-post-thumbnail","6":"product_cat-estilo-liberty","7":"product_cat-viella","9":"first","10":"instock","11":"taxable","12":"shipping-taxable","13":"purchasable","14":"product-type-simple","15":"add-to-wishlist-after_add_to_cart"},"jetpack_sharing_enabled":true,"_links":{"self":[{"href":"https:\/\/www.tejidosanacordoba.es\/index.php\/wp-json\/wp\/v2\/product\/12030","targetHints":{"allow":["GET"]}}],"collection":[{"href":"https:\/\/www.tejidosanacordoba.es\/index.php\/wp-json\/wp\/v2\/product"}],"about":[{"href":"https:\/\/www.tejidosanacordoba.es\/index.php\/wp-json\/wp\/v2\/types\/product"}],"replies":[{"embeddable":true,"href":"https:\/\/www.tejidosanacordoba.es\/index.php\/wp-json\/wp\/v2\/comments?post=12030"}],"version-history":[{"count":2,"href":"https:\/\/www.tejidosanacordoba.es\/index.php\/wp-json\/wp\/v2\/product\/12030\/revisions"}],"predecessor-version":[{"id":12032,"href":"https:\/\/www.tejidosanacordoba.es\/index.php\/wp-json\/wp\/v2\/product\/12030\/revisions\/12032"}],"wp:featuredmedia":[{"embeddable":true,"href":"https:\/\/www.tejidosanacordoba.es\/index.php\/wp-json\/wp\/v2\/media\/12025"}],"wp:attachment":[{"href":"https:\/\/www.tejidosanacordoba.es\/index.php\/wp-json\/wp\/v2\/media?parent=12030"}],"wp:term":[{"taxonomy":"product_brand","embeddable":true,"href":"https:\/\/www.tejidosanacordoba.es\/index.php\/wp-json\/wp\/v2\/product_brand?post=12030"},{"taxonomy":"product_cat","embeddable":true,"href":"https:\/\/www.tejidosanacordoba.es\/index.php\/wp-json\/wp\/v2\/product_cat?post=12030"},{"taxonomy":"product_tag","embeddable":true,"href":"https:\/\/www.tejidosanacordoba.es\/index.php\/wp-json\/wp\/v2\/product_tag?post=12030"}],"curies":[{"name":"wp","href":"https:\/\/api.w.org\/{rel}","templated":true}]}}

<p>Tejido de viyela.</p>
<p>Composición es 50% algodón y 50% viscosa</p>
<p>Una tela con caida y con un tacto suave.</p>
<p>El tejido perfecto para realizar prendas originales con un diseño único que hará de esa prenda hecha por ti, algo muy especial.</p>
<p>También puedes combinarlas con nuestras lana katia, por ejemplo con las lanas 100%.que aparecen en las fotos.</p>
<p>Colores flores de tonos  blanco roto y fondo rosa.</p>
<p>145cm – 150gr/mt2</p>
<p>Los colores pueden variar según el dispositivo que se vean.</p>
