{"id":12404,"date":"2024-08-09T13:55:36","date_gmt":"2024-08-09T12:55:36","guid":{"rendered":"https:\/\/www.tejidosanacordoba.es\/?post_type=product&#038;p=12404"},"modified":"2026-02-13T15:45:51","modified_gmt":"2026-02-13T14:45:51","slug":"bolsa-para-la-maquina-de-coser-diseno-exclusivo-lady-desidia","status":"publish","type":"product","link":"https:\/\/www.tejidosanacordoba.es\/index.php\/producto\/bolsa-para-la-maquina-de-coser-diseno-exclusivo-lady-desidia\/","title":{"rendered":"Bolsa para la m\u00e1quina de coser dise\u00f1o exclusivo Lady Desidia"},"content":{"rendered":"","protected":false},"excerpt":{"rendered":"<p>Bolsa para guardar, transportar y proteger la m\u00e1quina de coser gracias a su tejido impermeable que evitar\u00e1 que los l\u00edquidos puedan ensuciar o estropear la m\u00e1quina de coser. Su tejido tiene un dise\u00f1o muy vistoso gracias a las ilustraciones creadas en exclusiva de Lady Desidia para Katia Fabrics. Este material no solo es visualmente atractivo, sino que tambi\u00e9n es suave al tacto, ofreciendo una sensaci\u00f3n placentera y facilitando su limpieza simplemente utilizando un pa\u00f1o. La apertura y cierre de la funda se realizan mediante un cierre de cremallera que recorre el centro, proporcionando un acceso amplio para meter y sacar la m\u00e1quina con facilidad. La bolsa se cierra con una cremallera que corre toda la parte central para que quede un amplio hueco para meter y sacar la m\u00e1quina. Las dimensiones de la bolsa son 43 cm de largo x 30 cm de alto x 20 cm de ancho. Adem\u00e1s, incluye un amplio bolsillo frontal con cremallera que es ideal para guardar los utensilios b\u00e1sicos de costura. Para un transporte f\u00e1cil y c\u00f3modo, dispone de dos asas equipadas con una solapa de velcro que permite unirlas, facilitando su manejo.<\/p>\n<p>Los colores pueden variar seg\u00fan el dispositivo en el que se vean.<\/p>\n<p>Para mas unidades de este producto, consulte con nuestra tienda a trav\u00e9s de correo electr\u00f3nico tejidos.ana.cordoba@gmail.com o WhatsApp 640 55 62 77.<\/p>\n","protected":false},"featured_media":12403,"comment_status":"open","ping_status":"closed","template":"","meta":[],"product_brand":[],"product_cat":[115,69,98,96],"product_tag":[],"class_list":{"0":"post-12404","1":"product","2":"type-product","3":"status-publish","4":"has-post-thumbnail","6":"product_cat-accesorios","7":"product_cat-lanas","8":"product_cat-ofertas","9":"product_cat-katia","11":"first","12":"outofstock","13":"taxable","14":"shipping-taxable","15":"purchasable","16":"product-type-simple","17":"add-to-wishlist-after_add_to_cart"},"jetpack_sharing_enabled":true,"_links":{"self":[{"href":"https:\/\/www.tejidosanacordoba.es\/index.php\/wp-json\/wp\/v2\/product\/12404","targetHints":{"allow":["GET"]}}],"collection":[{"href":"https:\/\/www.tejidosanacordoba.es\/index.php\/wp-json\/wp\/v2\/product"}],"about":[{"href":"https:\/\/www.tejidosanacordoba.es\/index.php\/wp-json\/wp\/v2\/types\/product"}],"replies":[{"embeddable":true,"href":"https:\/\/www.tejidosanacordoba.es\/index.php\/wp-json\/wp\/v2\/comments?post=12404"}],"version-history":[{"count":2,"href":"https:\/\/www.tejidosanacordoba.es\/index.php\/wp-json\/wp\/v2\/product\/12404\/revisions"}],"predecessor-version":[{"id":12984,"href":"https:\/\/www.tejidosanacordoba.es\/index.php\/wp-json\/wp\/v2\/product\/12404\/revisions\/12984"}],"wp:featuredmedia":[{"embeddable":true,"href":"https:\/\/www.tejidosanacordoba.es\/index.php\/wp-json\/wp\/v2\/media\/12403"}],"wp:attachment":[{"href":"https:\/\/www.tejidosanacordoba.es\/index.php\/wp-json\/wp\/v2\/media?parent=12404"}],"wp:term":[{"taxonomy":"product_brand","embeddable":true,"href":"https:\/\/www.tejidosanacordoba.es\/index.php\/wp-json\/wp\/v2\/product_brand?post=12404"},{"taxonomy":"product_cat","embeddable":true,"href":"https:\/\/www.tejidosanacordoba.es\/index.php\/wp-json\/wp\/v2\/product_cat?post=12404"},{"taxonomy":"product_tag","embeddable":true,"href":"https:\/\/www.tejidosanacordoba.es\/index.php\/wp-json\/wp\/v2\/product_tag?post=12404"}],"curies":[{"name":"wp","href":"https:\/\/api.w.org\/{rel}","templated":true}]}}