{"id":12793,"date":"2024-11-29T18:15:13","date_gmt":"2024-11-29T17:15:13","guid":{"rendered":"https:\/\/www.tejidosanacordoba.es\/?post_type=product&#038;p=12793"},"modified":"2024-11-29T18:15:13","modified_gmt":"2024-11-29T17:15:13","slug":"denim-print-color-ships","status":"publish","type":"product","link":"https:\/\/www.tejidosanacordoba.es\/index.php\/producto\/denim-print-color-ships\/","title":{"rendered":"Denim Print Color Ships"},"content":{"rendered":"","protected":false},"excerpt":{"rendered":"<p class=\"intro-description-product text-grey\">100% Algod\u00f3n<\/p>\n<div class=\"lana-details\">\n<div><img decoding=\"async\" title=\"Algod\u00f3n\" src=\"https:\/\/www.katia.com\/files\/img\/pict-ALGODON.jpg\" alt=\"Algod\u00f3n\" align=\"left\" border=\"0\" \/><\/div>\n<div><img decoding=\"async\" title=\"Lavable a m\u00e1quina 30\u00ba Centrifugado corto\" src=\"https:\/\/www.katia.com\/files\/img\/pict-LAVMAQ30CC.jpg\" alt=\"Lavable a m\u00e1quina 30\u00ba Centrifugado corto\" width=\"44\" height=\"36\" align=\"left\" border=\"0\" \/><\/div>\n<div><img decoding=\"async\" title=\"No lej\u00eda\" src=\"https:\/\/www.katia.com\/files\/img\/pict-NOLEJIA.jpg\" alt=\"No lej\u00eda\" width=\"44\" height=\"36\" align=\"left\" border=\"0\" \/><\/div>\n<div><img decoding=\"async\" title=\"No secar en secadora\" src=\"https:\/\/www.katia.com\/files\/img\/pict-NOSECSEC.jpg\" alt=\"No secar en secadora\" width=\"44\" height=\"36\" align=\"left\" border=\"0\" \/><\/div>\n<div><img loading=\"lazy\" decoding=\"async\" title=\"Secar en la sombra\" src=\"https:\/\/www.katia.com\/files\/img\/pict-secar-en-la-sombra.jpg\" alt=\"Secar en la sombra\" width=\"44\" height=\"36\" align=\"left\" border=\"0\" \/><\/div>\n<div><img loading=\"lazy\" decoding=\"async\" title=\"Lavable en seco\" src=\"https:\/\/www.katia.com\/files\/img\/pict-LAVSEC.jpg\" alt=\"Lavable en seco\" width=\"44\" height=\"36\" align=\"left\" border=\"0\" \/><\/div>\n<div><img loading=\"lazy\" decoding=\"async\" title=\"Planchar m\u00e1x. 110\u00ba\" src=\"https:\/\/www.katia.com\/files\/img\/pict-PL110.jpg\" alt=\"Planchar m\u00e1x. 110\u00ba\" width=\"44\" height=\"36\" align=\"left\" border=\"0\" \/><\/div>\n<\/div>\n<div><\/div>\n<div><\/div>\n<div>&#8211; Aguja universal, grosor: 80\/90.<\/p>\n<p>&#8211; Vaporizar o lavar antes de cortar y confeccionar.<\/p>\n<p>-Todos nuestros art\u00edculos DENIM est\u00e1n tintados con colorantes \u00edndigo, por lo que tienen una baja solidez a la exposici\u00f3n a la luz solar intensa.<\/p>\n<p>&#8211; Recomendamos lavar las prendas de DENIM por separado y especialmente no lavarlas mezcladas con ropa blanca.<\/p>\n<p>&#8211; Lavar y planchar del rev\u00e9s.<\/p><\/div>\n<div><\/div>\n<div>Tejido de algod\u00f3n 100 % con un estampado de barcos sobre fondo azul jeans. El tejido de jeans fino Denim Print Color Ships de Katia Fabrics es ideal para cose una original camisa a tu peque\u00f1o con este simp\u00e1tico estampado.<\/div>\n<div><\/div>\n<div>Los coloren pueden variar segun el dispositivo con el que se vean.<\/div>\n","protected":false},"featured_media":12787,"comment_status":"open","ping_status":"closed","template":"","meta":[],"product_brand":[],"product_cat":[98,96,50],"product_tag":[],"class_list":{"0":"post-12793","1":"product","2":"type-product","3":"status-publish","4":"has-post-thumbnail","6":"product_cat-ofertas","7":"product_cat-katia","8":"product_cat-tejido-vaquero","10":"first","11":"instock","12":"sale","13":"taxable","14":"shipping-taxable","15":"purchasable","16":"product-type-simple","17":"add-to-wishlist-after_add_to_cart"},"jetpack_sharing_enabled":true,"_links":{"self":[{"href":"https:\/\/www.tejidosanacordoba.es\/index.php\/wp-json\/wp\/v2\/product\/12793","targetHints":{"allow":["GET"]}}],"collection":[{"href":"https:\/\/www.tejidosanacordoba.es\/index.php\/wp-json\/wp\/v2\/product"}],"about":[{"href":"https:\/\/www.tejidosanacordoba.es\/index.php\/wp-json\/wp\/v2\/types\/product"}],"replies":[{"embeddable":true,"href":"https:\/\/www.tejidosanacordoba.es\/index.php\/wp-json\/wp\/v2\/comments?post=12793"}],"version-history":[{"count":1,"href":"https:\/\/www.tejidosanacordoba.es\/index.php\/wp-json\/wp\/v2\/product\/12793\/revisions"}],"predecessor-version":[{"id":12794,"href":"https:\/\/www.tejidosanacordoba.es\/index.php\/wp-json\/wp\/v2\/product\/12793\/revisions\/12794"}],"wp:featuredmedia":[{"embeddable":true,"href":"https:\/\/www.tejidosanacordoba.es\/index.php\/wp-json\/wp\/v2\/media\/12787"}],"wp:attachment":[{"href":"https:\/\/www.tejidosanacordoba.es\/index.php\/wp-json\/wp\/v2\/media?parent=12793"}],"wp:term":[{"taxonomy":"product_brand","embeddable":true,"href":"https:\/\/www.tejidosanacordoba.es\/index.php\/wp-json\/wp\/v2\/product_brand?post=12793"},{"taxonomy":"product_cat","embeddable":true,"href":"https:\/\/www.tejidosanacordoba.es\/index.php\/wp-json\/wp\/v2\/product_cat?post=12793"},{"taxonomy":"product_tag","embeddable":true,"href":"https:\/\/www.tejidosanacordoba.es\/index.php\/wp-json\/wp\/v2\/product_tag?post=12793"}],"curies":[{"name":"wp","href":"https:\/\/api.w.org\/{rel}","templated":true}]}}

<p class="intro-description-product text-grey">100% Algodón</p>
<div class="lana-details">
<div><img decoding="async" title="Algodón" src="https://www.katia.com/files/img/pict-ALGODON.jpg" alt="Algodón" align="left" border="0" /></div>
<div><img decoding="async" title="Lavable a máquina 30º Centrifugado corto" src="https://www.katia.com/files/img/pict-LAVMAQ30CC.jpg" alt="Lavable a máquina 30º Centrifugado corto" width="44" height="36" align="left" border="0" /></div>
<div><img decoding="async" title="No lejía" src="https://www.katia.com/files/img/pict-NOLEJIA.jpg" alt="No lejía" width="44" height="36" align="left" border="0" /></div>
<div><img decoding="async" title="No secar en secadora" src="https://www.katia.com/files/img/pict-NOSECSEC.jpg" alt="No secar en secadora" width="44" height="36" align="left" border="0" /></div>
<div><img loading="lazy" decoding="async" title="Secar en la sombra" src="https://www.katia.com/files/img/pict-secar-en-la-sombra.jpg" alt="Secar en la sombra" width="44" height="36" align="left" border="0" /></div>
<div><img loading="lazy" decoding="async" title="Lavable en seco" src="https://www.katia.com/files/img/pict-LAVSEC.jpg" alt="Lavable en seco" width="44" height="36" align="left" border="0" /></div>
<div><img loading="lazy" decoding="async" title="Planchar máx. 110º" src="https://www.katia.com/files/img/pict-PL110.jpg" alt="Planchar máx. 110º" width="44" height="36" align="left" border="0" /></div>
</div>
<div></div>
<div></div>
<div>&#8211; Aguja universal, grosor: 80/90.</p>
<p>&#8211; Vaporizar o lavar antes de cortar y confeccionar.</p>
<p>-Todos nuestros artículos DENIM están tintados con colorantes índigo, por lo que tienen una baja solidez a la exposición a la luz solar intensa.</p>
<p>&#8211; Recomendamos lavar las prendas de DENIM por separado y especialmente no lavarlas mezcladas con ropa blanca.</p>
<p>&#8211; Lavar y planchar del revés.</p></div>
<div></div>
<div>Tejido de algodón 100 % con un estampado de barcos sobre fondo azul jeans. El tejido de jeans fino Denim Print Color Ships de Katia Fabrics es ideal para cose una original camisa a tu pequeño con este simpático estampado.</div>
<div></div>
<div>Los coloren pueden variar segun el dispositivo con el que se vean.</div>
