{"id":12891,"date":"2024-12-13T14:41:23","date_gmt":"2024-12-13T13:41:23","guid":{"rendered":"https:\/\/www.tejidosanacordoba.es\/?post_type=product&#038;p=12891"},"modified":"2024-12-13T19:27:31","modified_gmt":"2024-12-13T18:27:31","slug":"tejer-bebe-100","status":"publish","type":"product","link":"https:\/\/www.tejidosanacordoba.es\/index.php\/producto\/tejer-bebe-100\/","title":{"rendered":"TEJER BEBE 100"},"content":{"rendered":"","protected":false},"excerpt":{"rendered":"<p class=\"intro-description-product text-grey\">Primavera \/ Verano<\/p>\n<p>Descubre 45 modelos para realizar prendas, complementos, cojines y mantas de beb\u00e9 en la revista Katia Beb\u00e9 100. La publicaci\u00f3n consta de 40 modelos de punto y 5 patrones de ganchillo realizados con una selecci\u00f3n de hilos Katia primavera-verano. Vestidos refrescantes, jers\u00e9is con calados, adorables peleles con botones, conjuntos de punto primera puesta, suaves mantas, divertidos cojines&#8230; Encuentra todo para hacer con tus propias manos desde los primeros conjuntos de reci\u00e9n nacido hasta los b\u00e1sicos de armario de un beb\u00e9 de 24 meses. En la revista Katia Beb\u00e9 100 proponemos una gama de colores muy amplia, desde los rosas y los azules m\u00e1s cl\u00e1sicos a los tonos petr\u00f3leos o tostados m\u00e1s modernos. Disfruta tejiendo cada punto con mimo para vivir un momento inolvidable: el d\u00eda que envuelvas a tu beb\u00e9 con tus propias prendas tejidas.<\/p>\n","protected":false},"featured_media":12893,"comment_status":"open","ping_status":"closed","template":"","meta":[],"product_brand":[],"product_cat":[69,106,98],"product_tag":[],"class_list":{"0":"post-12891","1":"product","2":"type-product","3":"status-publish","4":"has-post-thumbnail","6":"product_cat-lanas","7":"product_cat-patrones-tejer","8":"product_cat-ofertas","10":"first","11":"instock","12":"sale","13":"taxable","14":"shipping-taxable","15":"purchasable","16":"product-type-simple","17":"add-to-wishlist-after_add_to_cart"},"jetpack_sharing_enabled":true,"_links":{"self":[{"href":"https:\/\/www.tejidosanacordoba.es\/index.php\/wp-json\/wp\/v2\/product\/12891","targetHints":{"allow":["GET"]}}],"collection":[{"href":"https:\/\/www.tejidosanacordoba.es\/index.php\/wp-json\/wp\/v2\/product"}],"about":[{"href":"https:\/\/www.tejidosanacordoba.es\/index.php\/wp-json\/wp\/v2\/types\/product"}],"replies":[{"embeddable":true,"href":"https:\/\/www.tejidosanacordoba.es\/index.php\/wp-json\/wp\/v2\/comments?post=12891"}],"version-history":[{"count":1,"href":"https:\/\/www.tejidosanacordoba.es\/index.php\/wp-json\/wp\/v2\/product\/12891\/revisions"}],"predecessor-version":[{"id":12892,"href":"https:\/\/www.tejidosanacordoba.es\/index.php\/wp-json\/wp\/v2\/product\/12891\/revisions\/12892"}],"wp:featuredmedia":[{"embeddable":true,"href":"https:\/\/www.tejidosanacordoba.es\/index.php\/wp-json\/wp\/v2\/media\/12893"}],"wp:attachment":[{"href":"https:\/\/www.tejidosanacordoba.es\/index.php\/wp-json\/wp\/v2\/media?parent=12891"}],"wp:term":[{"taxonomy":"product_brand","embeddable":true,"href":"https:\/\/www.tejidosanacordoba.es\/index.php\/wp-json\/wp\/v2\/product_brand?post=12891"},{"taxonomy":"product_cat","embeddable":true,"href":"https:\/\/www.tejidosanacordoba.es\/index.php\/wp-json\/wp\/v2\/product_cat?post=12891"},{"taxonomy":"product_tag","embeddable":true,"href":"https:\/\/www.tejidosanacordoba.es\/index.php\/wp-json\/wp\/v2\/product_tag?post=12891"}],"curies":[{"name":"wp","href":"https:\/\/api.w.org\/{rel}","templated":true}]}}