{"id":13119,"date":"2025-01-17T12:16:28","date_gmt":"2025-01-17T11:16:28","guid":{"rendered":"https:\/\/www.tejidosanacordoba.es\/?post_type=product&#038;p=13119"},"modified":"2026-01-03T16:34:19","modified_gmt":"2026-01-03T15:34:19","slug":"scuby-cotton-104","status":"publish","type":"product","link":"https:\/\/www.tejidosanacordoba.es\/index.php\/producto\/scuby-cotton-104\/","title":{"rendered":"Scuby cotton 104 gris"},"content":{"rendered":"","protected":false},"excerpt":{"rendered":"<p>Madeja de Lana 50 % Algod\u00f3n y 50 % Poliester<\/p>\n<p>200 grs.<\/p>\n<p>45metros<\/p>\n<p>Agujas 8-10<\/p>\n<p>Crochet 8-9<\/p>\n<p>Un\u00a0<strong>hilo tipo cord\u00f3n de algod\u00f3n y poli\u00e9ster<\/strong>\u00a0id\u00f3neo para tejer con\u00a0<strong>ganchillo<\/strong>\u00a0complementos para la casa, alfombras, cuencos, cojines, o hacer accesorios como mochilas, bolsos, bolsas para la compra,etc.<\/p>\n<p>Est\u00e1\u00a0<strong>disponible en varios colores lisos<\/strong>\u00a0para combinar entre s\u00ed y crear dise\u00f1os \u00fanicos. Su grosor es perfecto\u00a0<strong>para trabajar a crochet o hacer macram\u00e9.<\/strong><\/p>\n","protected":false},"featured_media":13117,"comment_status":"open","ping_status":"closed","template":"","meta":[],"product_brand":[],"product_cat":[69],"product_tag":[],"class_list":{"0":"post-13119","1":"product","2":"type-product","3":"status-publish","4":"has-post-thumbnail","6":"product_cat-lanas","8":"first","9":"instock","10":"sale","11":"taxable","12":"shipping-taxable","13":"purchasable","14":"product-type-simple","15":"add-to-wishlist-after_add_to_cart"},"jetpack_sharing_enabled":true,"_links":{"self":[{"href":"https:\/\/www.tejidosanacordoba.es\/index.php\/wp-json\/wp\/v2\/product\/13119","targetHints":{"allow":["GET"]}}],"collection":[{"href":"https:\/\/www.tejidosanacordoba.es\/index.php\/wp-json\/wp\/v2\/product"}],"about":[{"href":"https:\/\/www.tejidosanacordoba.es\/index.php\/wp-json\/wp\/v2\/types\/product"}],"replies":[{"embeddable":true,"href":"https:\/\/www.tejidosanacordoba.es\/index.php\/wp-json\/wp\/v2\/comments?post=13119"}],"version-history":[{"count":2,"href":"https:\/\/www.tejidosanacordoba.es\/index.php\/wp-json\/wp\/v2\/product\/13119\/revisions"}],"predecessor-version":[{"id":13123,"href":"https:\/\/www.tejidosanacordoba.es\/index.php\/wp-json\/wp\/v2\/product\/13119\/revisions\/13123"}],"wp:featuredmedia":[{"embeddable":true,"href":"https:\/\/www.tejidosanacordoba.es\/index.php\/wp-json\/wp\/v2\/media\/13117"}],"wp:attachment":[{"href":"https:\/\/www.tejidosanacordoba.es\/index.php\/wp-json\/wp\/v2\/media?parent=13119"}],"wp:term":[{"taxonomy":"product_brand","embeddable":true,"href":"https:\/\/www.tejidosanacordoba.es\/index.php\/wp-json\/wp\/v2\/product_brand?post=13119"},{"taxonomy":"product_cat","embeddable":true,"href":"https:\/\/www.tejidosanacordoba.es\/index.php\/wp-json\/wp\/v2\/product_cat?post=13119"},{"taxonomy":"product_tag","embeddable":true,"href":"https:\/\/www.tejidosanacordoba.es\/index.php\/wp-json\/wp\/v2\/product_tag?post=13119"}],"curies":[{"name":"wp","href":"https:\/\/api.w.org\/{rel}","templated":true}]}}