{"id":13353,"date":"2025-02-21T16:37:29","date_gmt":"2025-02-21T15:37:29","guid":{"rendered":"https:\/\/www.tejidosanacordoba.es\/?post_type=product&#038;p=13353"},"modified":"2025-02-21T16:38:07","modified_gmt":"2025-02-21T15:38:07","slug":"sky","status":"publish","type":"product","link":"https:\/\/www.tejidosanacordoba.es\/index.php\/producto\/sky\/","title":{"rendered":"Ice Cream Stripes Cotton Sky"},"content":{"rendered":"","protected":false},"excerpt":{"rendered":"<div class=\"col-md-5\">\n<div class=\"\">\n<div class=\"cont-detail-product-img\">\n<div class=\"description-product desctela\">Tejido de calada con base de algod\u00f3n 100%, con un listado vertical muy original En color azul con la l\u00ednea central en azul oscuro y blanco, este nuevo tejido estilo zakka o natural quedar\u00e1 ideal en bolsas, cojines o delantales. Tambi\u00e9n una bonita forma de lucir vestidos y tops de estilo franc\u00e9s.<\/div>\n<div class=\"shopap_desc2\"><\/div>\n<\/div>\n<\/div>\n<\/div>\n<div class=\"col-md-7 shop-ap\">\n<p class=\"intro-description-product text-grey\">100% Algod\u00f3n<\/p>\n<div class=\"lana-details\">\n<div><img decoding=\"async\" title=\"Algod\u00f3n\" src=\"https:\/\/www.katia.com\/files\/img\/pict-ALGODON.jpg\" alt=\"Algod\u00f3n\" align=\"left\" border=\"0\" \/><\/div>\n<div><img decoding=\"async\" title=\"Lavable a m\u00e1quina 30\u00ba\" src=\"https:\/\/www.katia.com\/files\/img\/pict-LAVMAQ30.jpg\" alt=\"Lavable a m\u00e1quina 30\u00ba\" width=\"44\" height=\"36\" align=\"left\" border=\"0\" \/><\/div>\n<div><img decoding=\"async\" title=\"No lej\u00eda\" src=\"https:\/\/www.katia.com\/files\/img\/pict-NOLEJIA.jpg\" alt=\"No lej\u00eda\" width=\"44\" height=\"36\" align=\"left\" border=\"0\" \/><\/div>\n<div><img decoding=\"async\" title=\"No secar en secadora\" src=\"https:\/\/www.katia.com\/files\/img\/pict-NOSECSEC.jpg\" alt=\"No secar en secadora\" width=\"44\" height=\"36\" align=\"left\" border=\"0\" \/><\/div>\n<div><img loading=\"lazy\" decoding=\"async\" title=\"Lavable en seco\" src=\"https:\/\/www.katia.com\/files\/img\/pict-LAVSEC.jpg\" alt=\"Lavable en seco\" width=\"44\" height=\"36\" align=\"left\" border=\"0\" \/><\/div>\n<div><img loading=\"lazy\" decoding=\"async\" title=\"Planchar m\u00e1x. 110\u00ba\" src=\"https:\/\/www.katia.com\/files\/img\/pict-PL110.jpg\" alt=\"Planchar m\u00e1x. 110\u00ba\" width=\"44\" height=\"36\" align=\"left\" border=\"0\" \/><\/div>\n<\/div>\n<div class=\"row mb-2 iconolana\">\n<div class=\"col-2 text-center divimg_iconolana\">\n<div><img decoding=\"async\" class=\"img_iconolana\" title=\"Better Cotton Initiative\" src=\"https:\/\/www.katia.com\/files\/img\/pict-bci.jpg\" alt=\"Better Cotton Initiative\" border=\"0\" \/><\/div>\n<\/div>\n<div class=\"col-9 text-left txt_iconolana\">La Better Cotton Initiative (BCI), una organizaci\u00f3n mundial sin fines de lucro, es el mayor programa de sostenibilidad del algod\u00f3n del mundo. La BCI tiene por objeto transformar la producci\u00f3n de algod\u00f3n en todo el mundo, abordando los efectos negativos del cultivo y el procesamiento del algod\u00f3n. A trav\u00e9s de su trabajo con una diversa gama de interesados en toda la cadena de suministro, la BCI promueve mejoras continuas que son medibles para el medio ambiente, las comunidades agr\u00edcolas y las econom\u00edas de las zonas productoras de algod\u00f3n. En el marco de los cuatro objetivos siguientes, la BCI trabaja para que \u201cUn mejor algod\u00f3n\u201d (Better Cotton) sea un producto b\u00e1sico sostenible: Reducir el impacto ambiental de la producci\u00f3n de algod\u00f3n. Mejorar los medios de vida y el desarrollo econ\u00f3mico en las zonas productoras de algod\u00f3n Mejorar el compromiso y el flujo de Better Cotton a lo largo de la cadena de suministro Asegurar la credibilidad y la sostenibilidad de la Better Cotton Initiative (Iniciativa para un Mejor Algod\u00f3n).<\/div>\n<\/div>\n<\/div>\n","protected":false},"featured_media":13351,"comment_status":"open","ping_status":"closed","template":"","meta":[],"product_brand":[],"product_cat":[98,96,103],"product_tag":[],"class_list":{"0":"post-13353","1":"product","2":"type-product","3":"status-publish","4":"has-post-thumbnail","6":"product_cat-ofertas","7":"product_cat-katia","8":"product_cat-rayas","10":"first","11":"instock","12":"sale","13":"taxable","14":"shipping-taxable","15":"purchasable","16":"product-type-simple","17":"add-to-wishlist-after_add_to_cart"},"jetpack_sharing_enabled":true,"_links":{"self":[{"href":"https:\/\/www.tejidosanacordoba.es\/index.php\/wp-json\/wp\/v2\/product\/13353","targetHints":{"allow":["GET"]}}],"collection":[{"href":"https:\/\/www.tejidosanacordoba.es\/index.php\/wp-json\/wp\/v2\/product"}],"about":[{"href":"https:\/\/www.tejidosanacordoba.es\/index.php\/wp-json\/wp\/v2\/types\/product"}],"replies":[{"embeddable":true,"href":"https:\/\/www.tejidosanacordoba.es\/index.php\/wp-json\/wp\/v2\/comments?post=13353"}],"version-history":[{"count":2,"href":"https:\/\/www.tejidosanacordoba.es\/index.php\/wp-json\/wp\/v2\/product\/13353\/revisions"}],"predecessor-version":[{"id":13355,"href":"https:\/\/www.tejidosanacordoba.es\/index.php\/wp-json\/wp\/v2\/product\/13353\/revisions\/13355"}],"wp:featuredmedia":[{"embeddable":true,"href":"https:\/\/www.tejidosanacordoba.es\/index.php\/wp-json\/wp\/v2\/media\/13351"}],"wp:attachment":[{"href":"https:\/\/www.tejidosanacordoba.es\/index.php\/wp-json\/wp\/v2\/media?parent=13353"}],"wp:term":[{"taxonomy":"product_brand","embeddable":true,"href":"https:\/\/www.tejidosanacordoba.es\/index.php\/wp-json\/wp\/v2\/product_brand?post=13353"},{"taxonomy":"product_cat","embeddable":true,"href":"https:\/\/www.tejidosanacordoba.es\/index.php\/wp-json\/wp\/v2\/product_cat?post=13353"},{"taxonomy":"product_tag","embeddable":true,"href":"https:\/\/www.tejidosanacordoba.es\/index.php\/wp-json\/wp\/v2\/product_tag?post=13353"}],"curies":[{"name":"wp","href":"https:\/\/api.w.org\/{rel}","templated":true}]}}