{"id":13521,"date":"2025-03-06T16:31:15","date_gmt":"2025-03-06T15:31:15","guid":{"rendered":"https:\/\/www.tejidosanacordoba.es\/?post_type=product&#038;p=13521"},"modified":"2025-03-06T17:38:57","modified_gmt":"2025-03-06T16:38:57","slug":"now-and-zen-yoga-animals-1-1","status":"publish","type":"product","link":"https:\/\/www.tejidosanacordoba.es\/index.php\/producto\/now-and-zen-yoga-animals-1-1\/","title":{"rendered":"NOW AND ZEN YOGA ANIMALS 1.1"},"content":{"rendered":"","protected":false},"excerpt":{"rendered":"<p><strong>Tela de patchwork<\/strong> en algod\u00f3n 100% correspondiente a la colecci\u00f3n \u00abNow and Zen Animals\u00bb dise\u00f1ada por Ashley Spires para la firma Michael Miller.<\/p>\n<p>La serie Yoganimals comenz\u00f3 como una forma de que Ashley uniera su amor por el dibujo, los animales y el yoga. Ashley, que se form\u00f3 como instructora de yoga, tiene un s\u00f3lido conocimiento de la pr\u00e1ctica, aunque pasa la mayor parte de su tiempo de meditaci\u00f3n componiendo sus pr\u00f3ximas ilustraciones. Ha descubierto que las mejores clases de yoga son las que est\u00e1n llenas de risas y, al dibujar animales graciosos practicando sus posturas, espera hacer sonre\u00edr tanto a los entusiastas del yoga como a los de los animales.<\/p>\n<p>Lavar a m\u00e1quina con agua fr\u00eda, ciclo suave, con colores similares. No usar cloro. Secar en secadora a temperatura baja. Retirar de inmediato. Usar plancha tibia si es necesario.<\/p>\n<p>Fondo blanco.<\/p>\n<p>Los colores pueden variar seg\u00fan el dispositivo en el que se vean.<\/p>\n<p>Para mas unidades de este producto, consulte con nuestra tienda a trav\u00e9s de correo electr\u00f3nico tejidos.ana.cordoba@gmail.com o WhatsApp 640 55 62 77.<\/p>\n","protected":false},"featured_media":13530,"comment_status":"open","ping_status":"closed","template":"","meta":[],"product_brand":[],"product_cat":[46,36],"product_tag":[],"class_list":{"0":"post-13521","1":"product","2":"type-product","3":"status-publish","4":"has-post-thumbnail","6":"product_cat-made-in-japon","7":"product_cat-estampados-originales","9":"first","10":"instock","11":"taxable","12":"shipping-taxable","13":"purchasable","14":"product-type-simple","15":"add-to-wishlist-after_add_to_cart"},"jetpack_sharing_enabled":true,"_links":{"self":[{"href":"https:\/\/www.tejidosanacordoba.es\/index.php\/wp-json\/wp\/v2\/product\/13521","targetHints":{"allow":["GET"]}}],"collection":[{"href":"https:\/\/www.tejidosanacordoba.es\/index.php\/wp-json\/wp\/v2\/product"}],"about":[{"href":"https:\/\/www.tejidosanacordoba.es\/index.php\/wp-json\/wp\/v2\/types\/product"}],"replies":[{"embeddable":true,"href":"https:\/\/www.tejidosanacordoba.es\/index.php\/wp-json\/wp\/v2\/comments?post=13521"}],"version-history":[{"count":1,"href":"https:\/\/www.tejidosanacordoba.es\/index.php\/wp-json\/wp\/v2\/product\/13521\/revisions"}],"predecessor-version":[{"id":13522,"href":"https:\/\/www.tejidosanacordoba.es\/index.php\/wp-json\/wp\/v2\/product\/13521\/revisions\/13522"}],"wp:featuredmedia":[{"embeddable":true,"href":"https:\/\/www.tejidosanacordoba.es\/index.php\/wp-json\/wp\/v2\/media\/13530"}],"wp:attachment":[{"href":"https:\/\/www.tejidosanacordoba.es\/index.php\/wp-json\/wp\/v2\/media?parent=13521"}],"wp:term":[{"taxonomy":"product_brand","embeddable":true,"href":"https:\/\/www.tejidosanacordoba.es\/index.php\/wp-json\/wp\/v2\/product_brand?post=13521"},{"taxonomy":"product_cat","embeddable":true,"href":"https:\/\/www.tejidosanacordoba.es\/index.php\/wp-json\/wp\/v2\/product_cat?post=13521"},{"taxonomy":"product_tag","embeddable":true,"href":"https:\/\/www.tejidosanacordoba.es\/index.php\/wp-json\/wp\/v2\/product_tag?post=13521"}],"curies":[{"name":"wp","href":"https:\/\/api.w.org\/{rel}","templated":true}]}}