{"id":14113,"date":"2026-01-03T16:40:49","date_gmt":"2026-01-03T15:40:49","guid":{"rendered":"https:\/\/www.tejidosanacordoba.es\/?post_type=product&#038;p=14113"},"modified":"2026-01-03T16:40:49","modified_gmt":"2026-01-03T15:40:49","slug":"christmas-bambi-300","status":"publish","type":"product","link":"https:\/\/www.tejidosanacordoba.es\/index.php\/producto\/christmas-bambi-300\/","title":{"rendered":"Christmas Bambi 300"},"content":{"rendered":"","protected":false},"excerpt":{"rendered":"<p>100% Poliester<br \/>\n100 gramos \u2013 110 metros<br \/>\nAgujas recomendadas: 6mm a 6,5mm<\/p>\n<p>\u00a1Fans de la Navidad aqu\u00ed llega Katia Christmas Bambi! Unimos el tacto terciopelo del hilado Bambi con peque\u00f1os destellos brillantes para tejer accesorios con esp\u00edritu navide\u00f1o. Este invierno, divi\u00e9rtete creando ideas handmade con Katia Christmas Bambi, la versi\u00f3n festiva de Katia Bambi, disponible en colores navide\u00f1os.<\/p>\n<p>Para realizar un jersey de mujer de manga larga talla 42 se necesitan 4 ovillos.<br \/>\nPara la muestra de 10x10cm trabajar 10 puntos y 15 vueltas. Lavable a m\u00e1quina hasta 30\u00baC. Ciclo lana. No usar secadora.<\/p>\n","protected":false},"featured_media":14112,"comment_status":"open","ping_status":"closed","template":"","meta":[],"product_brand":[],"product_cat":[69],"product_tag":[],"class_list":{"0":"post-14113","1":"product","2":"type-product","3":"status-publish","4":"has-post-thumbnail","6":"product_cat-lanas","8":"first","9":"instock","10":"sale","11":"taxable","12":"shipping-taxable","13":"purchasable","14":"product-type-simple","15":"add-to-wishlist-after_add_to_cart"},"jetpack_sharing_enabled":true,"_links":{"self":[{"href":"https:\/\/www.tejidosanacordoba.es\/index.php\/wp-json\/wp\/v2\/product\/14113","targetHints":{"allow":["GET"]}}],"collection":[{"href":"https:\/\/www.tejidosanacordoba.es\/index.php\/wp-json\/wp\/v2\/product"}],"about":[{"href":"https:\/\/www.tejidosanacordoba.es\/index.php\/wp-json\/wp\/v2\/types\/product"}],"replies":[{"embeddable":true,"href":"https:\/\/www.tejidosanacordoba.es\/index.php\/wp-json\/wp\/v2\/comments?post=14113"}],"version-history":[{"count":1,"href":"https:\/\/www.tejidosanacordoba.es\/index.php\/wp-json\/wp\/v2\/product\/14113\/revisions"}],"predecessor-version":[{"id":14114,"href":"https:\/\/www.tejidosanacordoba.es\/index.php\/wp-json\/wp\/v2\/product\/14113\/revisions\/14114"}],"wp:featuredmedia":[{"embeddable":true,"href":"https:\/\/www.tejidosanacordoba.es\/index.php\/wp-json\/wp\/v2\/media\/14112"}],"wp:attachment":[{"href":"https:\/\/www.tejidosanacordoba.es\/index.php\/wp-json\/wp\/v2\/media?parent=14113"}],"wp:term":[{"taxonomy":"product_brand","embeddable":true,"href":"https:\/\/www.tejidosanacordoba.es\/index.php\/wp-json\/wp\/v2\/product_brand?post=14113"},{"taxonomy":"product_cat","embeddable":true,"href":"https:\/\/www.tejidosanacordoba.es\/index.php\/wp-json\/wp\/v2\/product_cat?post=14113"},{"taxonomy":"product_tag","embeddable":true,"href":"https:\/\/www.tejidosanacordoba.es\/index.php\/wp-json\/wp\/v2\/product_tag?post=14113"}],"curies":[{"name":"wp","href":"https:\/\/api.w.org\/{rel}","templated":true}]}}