{"id":14331,"date":"2026-02-16T18:42:37","date_gmt":"2026-02-16T17:42:37","guid":{"rendered":"https:\/\/www.tejidosanacordoba.es\/?post_type=product&#038;p=14331"},"modified":"2026-02-16T18:47:44","modified_gmt":"2026-02-16T17:47:44","slug":"swim-print-tortoise-leaves","status":"publish","type":"product","link":"https:\/\/www.tejidosanacordoba.es\/index.php\/producto\/swim-print-tortoise-leaves\/","title":{"rendered":"Swim Print Tortoise Leaves"},"content":{"rendered":"","protected":false},"excerpt":{"rendered":"<p class=\"intro-description-product text-grey\">82% Poliamida &#8211; 18% Elast\u00e1n<\/p>\n<div class=\"lana-details\">\n<div><img decoding=\"async\" title=\"Woolmark Blend\" src=\"https:\/\/www.katia.com\/files\/img\/pict-WOOLBLEND.jpg\" alt=\"Woolmark Blend\" align=\"left\" border=\"0\" \/><\/div>\n<div><img decoding=\"async\" title=\"Lavable a m\u00e1quina 30\u00ba\" src=\"https:\/\/www.katia.com\/files\/img\/pict-LAVMAQ30.jpg\" alt=\"Lavable a m\u00e1quina 30\u00ba\" width=\"44\" height=\"36\" align=\"left\" border=\"0\" \/><\/div>\n<div><img decoding=\"async\" title=\"No lej\u00eda\" src=\"https:\/\/www.katia.com\/files\/img\/pict-NOLEJIA.jpg\" alt=\"No lej\u00eda\" width=\"44\" height=\"36\" align=\"left\" border=\"0\" \/><\/div>\n<div><img decoding=\"async\" title=\"Secadora temperatura baja\" src=\"https:\/\/www.katia.com\/files\/img\/pict-sectempbaja.jpg\" alt=\"Secadora temperatura baja\" width=\"44\" height=\"36\" align=\"left\" border=\"0\" \/><\/div>\n<div><img loading=\"lazy\" decoding=\"async\" title=\"No lavar en seco\" src=\"https:\/\/www.katia.com\/files\/img\/pict-nolavarenseco.jpg\" alt=\"No lavar en seco\" width=\"44\" height=\"36\" align=\"left\" border=\"0\" \/><\/div>\n<div><img loading=\"lazy\" decoding=\"async\" title=\"No planchar\" src=\"https:\/\/www.katia.com\/files\/img\/pict-NPL.jpg\" alt=\"No planchar\" width=\"44\" height=\"36\" align=\"left\" border=\"0\" \/><\/div>\n<\/div>\n<div><\/div>\n<div><\/div>\n<div>Aguja strech, grosor: 75\/80.<br \/>\nConfeccionar con tensi\u00f3n baja en el hilo superior de la m\u00e1quina de coser y puntada peque\u00f1a para que cuando estiremos las costuras no se rompa el pespunte.<br \/>\nEvitar estirar el tejido al confeccionar para que no cedan las costuras.<br \/>\nNo planchar.<\/div>\n<div><\/div>\n<div>Descubre la energ\u00eda vibrante del verano con la tela Swim Print Tortoise Leaves, un estampado ex\u00f3tico y colorido que invita a crear prendas \u00fanicas para disfrutar del sol y el agua. Su dise\u00f1o de hojas tropicales en tonos coral, aqua y verde menta sobre fondo azul marino es perfecto para destacar en la playa o la piscina. Este tejido t\u00e9cnico est\u00e1 pensado especialmente para ropa de ba\u00f1o: resistente al cloro, de secado r\u00e1pido y con excelente elasticidad para un ajuste c\u00f3modo y duradero. Su tacto suave y alta calidad lo convierte en la opci\u00f3n ideal para quienes cosen sus propios looks veraniegos. Comb\u00ednala con la tela Swim Short para confeccionar ba\u00f1adores de hombre a juego o con el Rayon Voile a tono para crear pareos fluidos o vestidos playeros ligeros y frescos. Ya sea para confeccionar un bikini a medida, o un conjunto de playa completo con pareo, la tela de ba\u00f1o Tortoise Leaves es la elecci\u00f3n perfecta para quienes buscan estilo y funcionalidad.<\/div>\n","protected":false},"featured_media":14330,"comment_status":"open","ping_status":"closed","template":"","meta":[],"product_brand":[],"product_cat":[96],"product_tag":[],"class_list":{"0":"post-14331","1":"product","2":"type-product","3":"status-publish","4":"has-post-thumbnail","6":"product_cat-katia","8":"first","9":"instock","10":"taxable","11":"shipping-taxable","12":"purchasable","13":"product-type-simple","14":"add-to-wishlist-after_add_to_cart"},"jetpack_sharing_enabled":true,"_links":{"self":[{"href":"https:\/\/www.tejidosanacordoba.es\/index.php\/wp-json\/wp\/v2\/product\/14331","targetHints":{"allow":["GET"]}}],"collection":[{"href":"https:\/\/www.tejidosanacordoba.es\/index.php\/wp-json\/wp\/v2\/product"}],"about":[{"href":"https:\/\/www.tejidosanacordoba.es\/index.php\/wp-json\/wp\/v2\/types\/product"}],"replies":[{"embeddable":true,"href":"https:\/\/www.tejidosanacordoba.es\/index.php\/wp-json\/wp\/v2\/comments?post=14331"}],"version-history":[{"count":1,"href":"https:\/\/www.tejidosanacordoba.es\/index.php\/wp-json\/wp\/v2\/product\/14331\/revisions"}],"predecessor-version":[{"id":14332,"href":"https:\/\/www.tejidosanacordoba.es\/index.php\/wp-json\/wp\/v2\/product\/14331\/revisions\/14332"}],"wp:featuredmedia":[{"embeddable":true,"href":"https:\/\/www.tejidosanacordoba.es\/index.php\/wp-json\/wp\/v2\/media\/14330"}],"wp:attachment":[{"href":"https:\/\/www.tejidosanacordoba.es\/index.php\/wp-json\/wp\/v2\/media?parent=14331"}],"wp:term":[{"taxonomy":"product_brand","embeddable":true,"href":"https:\/\/www.tejidosanacordoba.es\/index.php\/wp-json\/wp\/v2\/product_brand?post=14331"},{"taxonomy":"product_cat","embeddable":true,"href":"https:\/\/www.tejidosanacordoba.es\/index.php\/wp-json\/wp\/v2\/product_cat?post=14331"},{"taxonomy":"product_tag","embeddable":true,"href":"https:\/\/www.tejidosanacordoba.es\/index.php\/wp-json\/wp\/v2\/product_tag?post=14331"}],"curies":[{"name":"wp","href":"https:\/\/api.w.org\/{rel}","templated":true}]}}