{"id":14510,"date":"2026-04-08T12:42:50","date_gmt":"2026-04-08T11:42:50","guid":{"rendered":"https:\/\/www.tejidosanacordoba.es\/?post_type=product&#038;p=14510"},"modified":"2026-04-08T12:47:43","modified_gmt":"2026-04-08T11:47:43","slug":"shadow-macrame-302","status":"publish","type":"product","link":"https:\/\/www.tejidosanacordoba.es\/index.php\/producto\/shadow-macrame-302\/","title":{"rendered":"SHADOW MACRAM\u00c9 303"},"content":{"rendered":"","protected":false},"excerpt":{"rendered":"<p>50% Algod\u00f3n Reciclado \u2013 50% Poli\u00e9ster Reciclado<\/p>\n<p class=\"description-product text-left\">Descubre Katia Shadow Macram\u00e9, una innovadora cuerda de macram\u00e9 hecha con materiales reciclados de algod\u00f3n y poli\u00e9ster, parte de nuestra gama ecol\u00f3gica Ecolife. Con un dise\u00f1o \u00fanico que ofrece ciclos perfectos de 2 metros con un degradado de color oscuro a claro y de claro a oscuro, esta cuerda te permite crear piezas de macram\u00e9 con un efecto de color sorprendente. Ideal para bolsos y accesorios, con una sola bobina puedes realizar un clutch \u00fanico, y con dos bobinas, un bolso espectacular. \u00a1Lleva tus proyectos de macram\u00e9 a otro nivel con Shadow Macram\u00e9!<\/p>\n<div class=\"lana-details\">\n<div><img decoding=\"async\" title=\"Lavable a m\u00e1quina 30\u00ba Centrifugado corto\" src=\"https:\/\/www.katia.com\/files\/img\/pict-LAVMAQ30CC.jpg\" alt=\"Lavable a m\u00e1quina 30\u00ba Centrifugado corto\" width=\"44\" height=\"36\" align=\"left\" border=\"0\" \/><\/div>\n<div><img decoding=\"async\" title=\"No lej\u00eda\" src=\"https:\/\/www.katia.com\/files\/img\/pict-NOLEJIA.jpg\" alt=\"No lej\u00eda\" width=\"44\" height=\"36\" align=\"left\" border=\"0\" \/><\/div>\n<div><img decoding=\"async\" title=\"No secar en secadora\" src=\"https:\/\/www.katia.com\/files\/img\/pict-NOSECSEC.jpg\" alt=\"No secar en secadora\" width=\"44\" height=\"36\" align=\"left\" border=\"0\" \/><\/div>\n<div><img loading=\"lazy\" decoding=\"async\" title=\"Lavable en seco\" src=\"https:\/\/www.katia.com\/files\/img\/pict-LAVSEC.jpg\" alt=\"Lavable en seco\" width=\"44\" height=\"36\" align=\"left\" border=\"0\" \/><\/div>\n<div><img loading=\"lazy\" decoding=\"async\" title=\"Secado horizontal sin tender\" src=\"https:\/\/www.katia.com\/files\/img\/pict-SECHORST.jpg\" alt=\"Secado horizontal sin tender\" width=\"44\" height=\"36\" align=\"left\" border=\"0\" \/><\/div>\n<div><img loading=\"lazy\" decoding=\"async\" title=\"Planchar m\u00e1x. 110\u00ba\" src=\"https:\/\/www.katia.com\/files\/img\/pict-PL110.jpg\" alt=\"Planchar m\u00e1x. 110\u00ba\" width=\"44\" height=\"36\" align=\"left\" border=\"0\" \/><\/div>\n<div><img loading=\"lazy\" decoding=\"async\" title=\"N\u00famero de ganchillo a emplear\" src=\"https:\/\/www.katia.com\/ES\/tools\/genera-simbolo\/?f=img\/pict-GANCHILLO.jpg&amp;t=GANCHILLO&amp;t1=6%2C5+-+7&amp;t2=K10+1%2F2\" alt=\"N\u00famero de ganchillo a emplear\" width=\"44\" height=\"36\" align=\"left\" border=\"0\" \/><\/div>\n<div><img loading=\"lazy\" decoding=\"async\" title=\"N\u00famero de agujas a emplear\" src=\"https:\/\/www.katia.com\/ES\/tools\/genera-simbolo\/?f=img\/pict-AGUJAS.jpg&amp;t=AGUJAS&amp;t1=6+-+7&amp;t2=9+-+10+%C2%BD\" alt=\"N\u00famero de agujas a emplear\" width=\"44\" height=\"36\" align=\"left\" border=\"0\" \/><\/div>\n<div><img loading=\"lazy\" decoding=\"async\" title=\"Cuadrado de 10 x 10. Es el n\u00famero de puntos y vueltas necesarios para calcular los cms. de una prenda\" src=\"https:\/\/www.katia.com\/ES\/tools\/genera-simbolo\/?f=img\/pict-10x10.jpg&amp;t=TEJIDO&amp;t1=6&amp;t2=18&amp;t3=13&amp;t4=10x10\" alt=\"Cuadrado de 10 x 10. Es el n\u00famero de puntos y vueltas necesarios para calcular los cms. de una prenda\" width=\"44\" height=\"36\" align=\"left\" border=\"0\" \/><\/div>\n<div><img loading=\"lazy\" decoding=\"async\" title=\"\" src=\"https:\/\/www.katia.com\/files\/img\/pict-triman.jpg\" alt=\"\" width=\"44\" height=\"36\" align=\"left\" border=\"0\" \/><\/div>\n<div><img loading=\"lazy\" decoding=\"async\" title=\"Alma cart\u00f3n\" src=\"https:\/\/www.katia.com\/files\/img\/pict-ALMACARTON.jpg\" alt=\"Alma cart\u00f3n\" width=\"44\" height=\"36\" align=\"left\" border=\"0\" \/><\/div>\n<div><img decoding=\"async\" title=\"Eco Life Yarns\" src=\"https:\/\/www.katia.com\/files\/img\/pict-ecolife.jpg\" alt=\"Eco Life Yarns\" align=\"left\" border=\"0\" \/><\/div>\n<div>300 g \/ 10 3\/5 oz<br \/>\n165 m \/ 180 yd<\/div>\n<\/div>\n","protected":false},"featured_media":14504,"comment_status":"open","ping_status":"closed","template":"","meta":[],"product_brand":[],"product_cat":[69],"product_tag":[],"class_list":{"0":"post-14510","1":"product","2":"type-product","3":"status-publish","4":"has-post-thumbnail","6":"product_cat-lanas","8":"first","9":"instock","10":"sale","11":"taxable","12":"shipping-taxable","13":"purchasable","14":"product-type-simple","15":"add-to-wishlist-after_add_to_cart"},"jetpack_sharing_enabled":true,"_links":{"self":[{"href":"https:\/\/www.tejidosanacordoba.es\/index.php\/wp-json\/wp\/v2\/product\/14510","targetHints":{"allow":["GET"]}}],"collection":[{"href":"https:\/\/www.tejidosanacordoba.es\/index.php\/wp-json\/wp\/v2\/product"}],"about":[{"href":"https:\/\/www.tejidosanacordoba.es\/index.php\/wp-json\/wp\/v2\/types\/product"}],"replies":[{"embeddable":true,"href":"https:\/\/www.tejidosanacordoba.es\/index.php\/wp-json\/wp\/v2\/comments?post=14510"}],"version-history":[{"count":2,"href":"https:\/\/www.tejidosanacordoba.es\/index.php\/wp-json\/wp\/v2\/product\/14510\/revisions"}],"predecessor-version":[{"id":14516,"href":"https:\/\/www.tejidosanacordoba.es\/index.php\/wp-json\/wp\/v2\/product\/14510\/revisions\/14516"}],"wp:featuredmedia":[{"embeddable":true,"href":"https:\/\/www.tejidosanacordoba.es\/index.php\/wp-json\/wp\/v2\/media\/14504"}],"wp:attachment":[{"href":"https:\/\/www.tejidosanacordoba.es\/index.php\/wp-json\/wp\/v2\/media?parent=14510"}],"wp:term":[{"taxonomy":"product_brand","embeddable":true,"href":"https:\/\/www.tejidosanacordoba.es\/index.php\/wp-json\/wp\/v2\/product_brand?post=14510"},{"taxonomy":"product_cat","embeddable":true,"href":"https:\/\/www.tejidosanacordoba.es\/index.php\/wp-json\/wp\/v2\/product_cat?post=14510"},{"taxonomy":"product_tag","embeddable":true,"href":"https:\/\/www.tejidosanacordoba.es\/index.php\/wp-json\/wp\/v2\/product_tag?post=14510"}],"curies":[{"name":"wp","href":"https:\/\/api.w.org\/{rel}","templated":true}]}}

SHADOW MACRAMÉ 303

<p>50% Algodón Reciclado – 50% Poliéster Reciclado</p>
<p class="description-product text-left">Descubre Katia Shadow Macramé, una innovadora cuerda de macramé hecha con materiales reciclados de algodón y poliéster, parte de nuestra gama ecológica Ecolife. Con un diseño único que ofrece ciclos perfectos de 2 metros con un degradado de color oscuro a claro y de claro a oscuro, esta cuerda te permite crear piezas de macramé con un efecto de color sorprendente. Ideal para bolsos y accesorios, con una sola bobina puedes realizar un clutch único, y con dos bobinas, un bolso espectacular. ¡Lleva tus proyectos de macramé a otro nivel con Shadow Macramé!</p>
<div class="lana-details">
<div><img decoding="async" title="Lavable a máquina 30º Centrifugado corto" src="https://www.katia.com/files/img/pict-LAVMAQ30CC.jpg" alt="Lavable a máquina 30º Centrifugado corto" width="44" height="36" align="left" border="0" /></div>
<div><img decoding="async" title="No lejía" src="https://www.katia.com/files/img/pict-NOLEJIA.jpg" alt="No lejía" width="44" height="36" align="left" border="0" /></div>
<div><img decoding="async" title="No secar en secadora" src="https://www.katia.com/files/img/pict-NOSECSEC.jpg" alt="No secar en secadora" width="44" height="36" align="left" border="0" /></div>
<div><img loading="lazy" decoding="async" title="Lavable en seco" src="https://www.katia.com/files/img/pict-LAVSEC.jpg" alt="Lavable en seco" width="44" height="36" align="left" border="0" /></div>
<div><img loading="lazy" decoding="async" title="Secado horizontal sin tender" src="https://www.katia.com/files/img/pict-SECHORST.jpg" alt="Secado horizontal sin tender" width="44" height="36" align="left" border="0" /></div>
<div><img loading="lazy" decoding="async" title="Planchar máx. 110º" src="https://www.katia.com/files/img/pict-PL110.jpg" alt="Planchar máx. 110º" width="44" height="36" align="left" border="0" /></div>
<div><img loading="lazy" decoding="async" title="Número de ganchillo a emplear" src="https://www.katia.com/ES/tools/genera-simbolo/?f=img/pict-GANCHILLO.jpg&amp;t=GANCHILLO&amp;t1=6%2C5+-+7&amp;t2=K10+1%2F2" alt="Número de ganchillo a emplear" width="44" height="36" align="left" border="0" /></div>
<div><img loading="lazy" decoding="async" title="Número de agujas a emplear" src="https://www.katia.com/ES/tools/genera-simbolo/?f=img/pict-AGUJAS.jpg&amp;t=AGUJAS&amp;t1=6+-+7&amp;t2=9+-+10+%C2%BD" alt="Número de agujas a emplear" width="44" height="36" align="left" border="0" /></div>
<div><img loading="lazy" decoding="async" title="Cuadrado de 10 x 10. Es el número de puntos y vueltas necesarios para calcular los cms. de una prenda" src="https://www.katia.com/ES/tools/genera-simbolo/?f=img/pict-10x10.jpg&amp;t=TEJIDO&amp;t1=6&amp;t2=18&amp;t3=13&amp;t4=10x10" alt="Cuadrado de 10 x 10. Es el número de puntos y vueltas necesarios para calcular los cms. de una prenda" width="44" height="36" align="left" border="0" /></div>
<div><img loading="lazy" decoding="async" title="" src="https://www.katia.com/files/img/pict-triman.jpg" alt="" width="44" height="36" align="left" border="0" /></div>
<div><img loading="lazy" decoding="async" title="Alma cartón" src="https://www.katia.com/files/img/pict-ALMACARTON.jpg" alt="Alma cartón" width="44" height="36" align="left" border="0" /></div>
<div><img decoding="async" title="Eco Life Yarns" src="https://www.katia.com/files/img/pict-ecolife.jpg" alt="Eco Life Yarns" align="left" border="0" /></div>
<div>300 g / 10 3/5 oz<br />
165 m / 180 yd</div>
</div>
