{"id":14514,"date":"2026-04-08T12:46:38","date_gmt":"2026-04-08T11:46:38","guid":{"rendered":"https:\/\/www.tejidosanacordoba.es\/?post_type=product&#038;p=14514"},"modified":"2026-04-08T12:49:27","modified_gmt":"2026-04-08T11:49:27","slug":"shadow-macrame-305","status":"publish","type":"product","link":"https:\/\/www.tejidosanacordoba.es\/index.php\/producto\/shadow-macrame-305\/","title":{"rendered":"SHADOW MACRAM\u00c9 305"},"content":{"rendered":"","protected":false},"excerpt":{"rendered":"<p>50% Algod\u00f3n Reciclado \u2013 50% Poli\u00e9ster Reciclado<\/p>\n<p>Descubre Katia Shadow Macram\u00e9, una innovadora cuerda de macram\u00e9 hecha con materiales reciclados de algod\u00f3n y poli\u00e9ster, parte de nuestra gama ecol\u00f3gica Ecolife. Con un dise\u00f1o \u00fanico que ofrece ciclos perfectos de 2 metros con un degradado de color oscuro a claro y de claro a oscuro, esta cuerda te permite crear piezas de macram\u00e9 con un efecto de color sorprendente. Ideal para bolsos y accesorios, con una sola bobina puedes realizar un clutch \u00fanico, y con dos bobinas, un bolso espectacular. \u00a1Lleva tus proyectos de macram\u00e9 a otro nivel con Shadow Macram\u00e9!<\/p>\n<p>Lavable a m\u00e1quina 30\u00ba Centrifugado corto<br \/>\nNo lej\u00eda<br \/>\nNo secar en secadora<br \/>\nLavable en seco<br \/>\nSecado horizontal sin tender<br \/>\nPlanchar m\u00e1x. 110\u00ba<br \/>\nN\u00famero de ganchillo a emplear<br \/>\nN\u00famero de agujas a emplear<br \/>\nCuadrado de 10 x 10. Es el n\u00famero de puntos y vueltas necesarios para calcular los cms. de una prenda<\/p>\n<p>Alma cart\u00f3n<br \/>\nEco Life Yarns<br \/>\n300 g \/ 10 3\/5 oz<br \/>\n165 m \/ 180 yd<\/p>\n","protected":false},"featured_media":14500,"comment_status":"open","ping_status":"closed","template":"","meta":[],"product_brand":[],"product_cat":[69],"product_tag":[],"class_list":{"0":"post-14514","1":"product","2":"type-product","3":"status-publish","4":"has-post-thumbnail","6":"product_cat-lanas","8":"first","9":"instock","10":"sale","11":"taxable","12":"shipping-taxable","13":"purchasable","14":"product-type-simple","15":"add-to-wishlist-after_add_to_cart"},"jetpack_sharing_enabled":true,"_links":{"self":[{"href":"https:\/\/www.tejidosanacordoba.es\/index.php\/wp-json\/wp\/v2\/product\/14514","targetHints":{"allow":["GET"]}}],"collection":[{"href":"https:\/\/www.tejidosanacordoba.es\/index.php\/wp-json\/wp\/v2\/product"}],"about":[{"href":"https:\/\/www.tejidosanacordoba.es\/index.php\/wp-json\/wp\/v2\/types\/product"}],"replies":[{"embeddable":true,"href":"https:\/\/www.tejidosanacordoba.es\/index.php\/wp-json\/wp\/v2\/comments?post=14514"}],"version-history":[{"count":1,"href":"https:\/\/www.tejidosanacordoba.es\/index.php\/wp-json\/wp\/v2\/product\/14514\/revisions"}],"predecessor-version":[{"id":14515,"href":"https:\/\/www.tejidosanacordoba.es\/index.php\/wp-json\/wp\/v2\/product\/14514\/revisions\/14515"}],"wp:featuredmedia":[{"embeddable":true,"href":"https:\/\/www.tejidosanacordoba.es\/index.php\/wp-json\/wp\/v2\/media\/14500"}],"wp:attachment":[{"href":"https:\/\/www.tejidosanacordoba.es\/index.php\/wp-json\/wp\/v2\/media?parent=14514"}],"wp:term":[{"taxonomy":"product_brand","embeddable":true,"href":"https:\/\/www.tejidosanacordoba.es\/index.php\/wp-json\/wp\/v2\/product_brand?post=14514"},{"taxonomy":"product_cat","embeddable":true,"href":"https:\/\/www.tejidosanacordoba.es\/index.php\/wp-json\/wp\/v2\/product_cat?post=14514"},{"taxonomy":"product_tag","embeddable":true,"href":"https:\/\/www.tejidosanacordoba.es\/index.php\/wp-json\/wp\/v2\/product_tag?post=14514"}],"curies":[{"name":"wp","href":"https:\/\/api.w.org\/{rel}","templated":true}]}}

SHADOW MACRAMÉ 305

<p>50% Algodón Reciclado – 50% Poliéster Reciclado</p>
<p>Descubre Katia Shadow Macramé, una innovadora cuerda de macramé hecha con materiales reciclados de algodón y poliéster, parte de nuestra gama ecológica Ecolife. Con un diseño único que ofrece ciclos perfectos de 2 metros con un degradado de color oscuro a claro y de claro a oscuro, esta cuerda te permite crear piezas de macramé con un efecto de color sorprendente. Ideal para bolsos y accesorios, con una sola bobina puedes realizar un clutch único, y con dos bobinas, un bolso espectacular. ¡Lleva tus proyectos de macramé a otro nivel con Shadow Macramé!</p>
<p>Lavable a máquina 30º Centrifugado corto<br />
No lejía<br />
No secar en secadora<br />
Lavable en seco<br />
Secado horizontal sin tender<br />
Planchar máx. 110º<br />
Número de ganchillo a emplear<br />
Número de agujas a emplear<br />
Cuadrado de 10 x 10. Es el número de puntos y vueltas necesarios para calcular los cms. de una prenda</p>
<p>Alma cartón<br />
Eco Life Yarns<br />
300 g / 10 3/5 oz<br />
165 m / 180 yd</p>
