{"id":5463,"date":"2020-12-07T12:30:09","date_gmt":"2020-12-07T11:30:09","guid":{"rendered":"https:\/\/www.tejidosanacordoba.es\/?post_type=product&#038;p=5463"},"modified":"2023-09-26T21:52:55","modified_gmt":"2023-09-26T20:52:55","slug":"panel-katia-12-14","status":"publish","type":"product","link":"https:\/\/www.tejidosanacordoba.es\/index.php\/producto\/panel-katia-12-14\/","title":{"rendered":"HIDROFUGO Panel Katia 12\/14"},"content":{"rendered":"","protected":false},"excerpt":{"rendered":"<p>Tejido hidrofugo de marca Katia<\/p>\n<p>26 mascarillas<\/p>\n<p>12 unidades de pinza<\/p>\n<p>16 unidades cuadradas<\/p>\n<p>Katia recoge sus mejores estampados para presentar este panel de 26 mascarillas doble capa reversibles y reutilizables. Con un solo metro de tela disfrutar\u00e1s de 12 mascarillas de pinza y 14 cuadradas con pliegues para toda la familia y amigos. Este panel es un tejido 100% algod\u00f3n con tratamiento antibacteriano y waterproof. Al ser resistente al agua impide el paso de gotas de saliva y gracias al Biocida ayuda a neutralizar las bacterias. Si te gustan los 26 estampados tambi\u00e9n puedes hacerte la doble capa con nuestros Poplin Antibacteriano. Descarga las instrucciones de confecci\u00f3n de ambas mascarillas en varias tallas y en 6 idiomas. Recomendaciones: Tras 25 lavados el tratamiento empieza a perder propiedades. Si se lava a 60\u00ba, como se recomienda lavar las mascarillas para su correcta desinfecci\u00f3n, el estampado podr\u00eda ir perdiendo la intensidad de sus colores. Lavar con detergente neutro. No utilizar lej\u00eda. Importante: aplicar plancha (en seco) a 120\/140\u00ba de 10 a 15 segundos tras cada lavado.<\/p>\n","protected":false},"featured_media":11156,"comment_status":"open","ping_status":"closed","template":"","meta":[],"product_brand":[],"product_cat":[98,96,88],"product_tag":[],"class_list":{"0":"post-5463","1":"product","2":"type-product","3":"status-publish","4":"has-post-thumbnail","6":"product_cat-ofertas","7":"product_cat-katia","8":"product_cat-tnt-e-hidrofugado","10":"first","11":"instock","12":"sale","13":"taxable","14":"shipping-taxable","15":"purchasable","16":"product-type-simple","17":"add-to-wishlist-after_add_to_cart"},"jetpack_sharing_enabled":true,"_links":{"self":[{"href":"https:\/\/www.tejidosanacordoba.es\/index.php\/wp-json\/wp\/v2\/product\/5463","targetHints":{"allow":["GET"]}}],"collection":[{"href":"https:\/\/www.tejidosanacordoba.es\/index.php\/wp-json\/wp\/v2\/product"}],"about":[{"href":"https:\/\/www.tejidosanacordoba.es\/index.php\/wp-json\/wp\/v2\/types\/product"}],"replies":[{"embeddable":true,"href":"https:\/\/www.tejidosanacordoba.es\/index.php\/wp-json\/wp\/v2\/comments?post=5463"}],"version-history":[{"count":3,"href":"https:\/\/www.tejidosanacordoba.es\/index.php\/wp-json\/wp\/v2\/product\/5463\/revisions"}],"predecessor-version":[{"id":6109,"href":"https:\/\/www.tejidosanacordoba.es\/index.php\/wp-json\/wp\/v2\/product\/5463\/revisions\/6109"}],"wp:featuredmedia":[{"embeddable":true,"href":"https:\/\/www.tejidosanacordoba.es\/index.php\/wp-json\/wp\/v2\/media\/11156"}],"wp:attachment":[{"href":"https:\/\/www.tejidosanacordoba.es\/index.php\/wp-json\/wp\/v2\/media?parent=5463"}],"wp:term":[{"taxonomy":"product_brand","embeddable":true,"href":"https:\/\/www.tejidosanacordoba.es\/index.php\/wp-json\/wp\/v2\/product_brand?post=5463"},{"taxonomy":"product_cat","embeddable":true,"href":"https:\/\/www.tejidosanacordoba.es\/index.php\/wp-json\/wp\/v2\/product_cat?post=5463"},{"taxonomy":"product_tag","embeddable":true,"href":"https:\/\/www.tejidosanacordoba.es\/index.php\/wp-json\/wp\/v2\/product_tag?post=5463"}],"curies":[{"name":"wp","href":"https:\/\/api.w.org\/{rel}","templated":true}]}}