{"id":8564,"date":"2022-09-21T12:03:32","date_gmt":"2022-09-21T11:03:32","guid":{"rendered":"https:\/\/www.tejidosanacordoba.es\/?post_type=product&#038;p=8564"},"modified":"2026-02-13T15:51:06","modified_gmt":"2026-02-13T14:51:06","slug":"pulsera-con-iman-redondo-para-cuentavueltas-alfileres","status":"publish","type":"product","link":"https:\/\/www.tejidosanacordoba.es\/index.php\/producto\/pulsera-con-iman-redondo-para-cuentavueltas-alfileres\/","title":{"rendered":"Pulsera con im\u00e1n redondo para cuentavueltas, alfileres\u2026"},"content":{"rendered":"","protected":false},"excerpt":{"rendered":"<p>Ten a mano alfileres, marcapuntos met\u00e1licos o el cuentavueltas imantado, mientras coses o tejes gracias a esta pulsera con im\u00e1n redondo de la colecci\u00f3n de accesorios Katia 100% You. Coloca con un sencillo gesto la pulsera magn\u00e9tica sobre tu mu\u00f1eca para que sus bandas se cierren autom\u00e1ticamente. Esta pulsera, compatible con el cuentavueltas, se presenta en una cajita craft cuadrada. Medidas: 23 cm x 2,5 cm y placa con im\u00e1n de 4 cm de di\u00e1metro.<\/p>\n","protected":false},"featured_media":8543,"comment_status":"open","ping_status":"closed","template":"","meta":[],"product_brand":[],"product_cat":[115],"product_tag":[],"class_list":{"0":"post-8564","1":"product","2":"type-product","3":"status-publish","4":"has-post-thumbnail","6":"product_cat-accesorios","8":"first","9":"instock","10":"taxable","11":"shipping-taxable","12":"purchasable","13":"product-type-simple","14":"add-to-wishlist-after_add_to_cart"},"jetpack_sharing_enabled":true,"_links":{"self":[{"href":"https:\/\/www.tejidosanacordoba.es\/index.php\/wp-json\/wp\/v2\/product\/8564","targetHints":{"allow":["GET"]}}],"collection":[{"href":"https:\/\/www.tejidosanacordoba.es\/index.php\/wp-json\/wp\/v2\/product"}],"about":[{"href":"https:\/\/www.tejidosanacordoba.es\/index.php\/wp-json\/wp\/v2\/types\/product"}],"replies":[{"embeddable":true,"href":"https:\/\/www.tejidosanacordoba.es\/index.php\/wp-json\/wp\/v2\/comments?post=8564"}],"version-history":[{"count":1,"href":"https:\/\/www.tejidosanacordoba.es\/index.php\/wp-json\/wp\/v2\/product\/8564\/revisions"}],"predecessor-version":[{"id":8565,"href":"https:\/\/www.tejidosanacordoba.es\/index.php\/wp-json\/wp\/v2\/product\/8564\/revisions\/8565"}],"wp:featuredmedia":[{"embeddable":true,"href":"https:\/\/www.tejidosanacordoba.es\/index.php\/wp-json\/wp\/v2\/media\/8543"}],"wp:attachment":[{"href":"https:\/\/www.tejidosanacordoba.es\/index.php\/wp-json\/wp\/v2\/media?parent=8564"}],"wp:term":[{"taxonomy":"product_brand","embeddable":true,"href":"https:\/\/www.tejidosanacordoba.es\/index.php\/wp-json\/wp\/v2\/product_brand?post=8564"},{"taxonomy":"product_cat","embeddable":true,"href":"https:\/\/www.tejidosanacordoba.es\/index.php\/wp-json\/wp\/v2\/product_cat?post=8564"},{"taxonomy":"product_tag","embeddable":true,"href":"https:\/\/www.tejidosanacordoba.es\/index.php\/wp-json\/wp\/v2\/product_tag?post=8564"}],"curies":[{"name":"wp","href":"https:\/\/api.w.org\/{rel}","templated":true}]}}