{"id":8604,"date":"2022-09-21T14:36:11","date_gmt":"2022-09-21T13:36:11","guid":{"rendered":"https:\/\/www.tejidosanacordoba.es\/?post_type=product&#038;p=8604"},"modified":"2026-02-13T16:30:55","modified_gmt":"2026-02-13T15:30:55","slug":"cable-intercambiable-40cm","status":"publish","type":"product","link":"https:\/\/www.tejidosanacordoba.es\/index.php\/producto\/cable-intercambiable-40cm\/","title":{"rendered":"Cable intercambiable 40cm"},"content":{"rendered":"","protected":false},"excerpt":{"rendered":"<p><strong>Cable intercambiable para aguja circular<\/strong><br \/>\nCable para agujas intercambiables con sistema de fijaci\u00f3n roscado disponible en diferentes longitudes (clica en el desplegable). Este set incluye una peque\u00f1a llave de fijaci\u00f3n para apretar la rosca de uni\u00f3n entre el cable y las agujas. Tambi\u00e9n contiene dos topes para puntos o tapones de rosca para mantener tus labores en espera. Sustituye las agujas por estos topes de pl\u00e1stico para evitar que los puntos se salgan y se deshagan. Combina las diferentes longintudes de cable con la amplia variedad de grosores de agujas circulares intercambiables para tejer todo tipo de proyectos. Utiliza tus agujas circulares tanto para tejer en plano, es decir, en filas de ida y vuelta, como en circular, gracias a la resistencia y flexibilidad del cable<\/p>\n","protected":false},"featured_media":8569,"comment_status":"open","ping_status":"closed","template":"","meta":[],"product_brand":[],"product_cat":[104],"product_tag":[],"class_list":{"0":"post-8604","1":"product","2":"type-product","3":"status-publish","4":"has-post-thumbnail","6":"product_cat-agujas-y-ganchillos-katia","8":"first","9":"instock","10":"taxable","11":"shipping-taxable","12":"purchasable","13":"product-type-simple","14":"add-to-wishlist-after_add_to_cart"},"jetpack_sharing_enabled":true,"_links":{"self":[{"href":"https:\/\/www.tejidosanacordoba.es\/index.php\/wp-json\/wp\/v2\/product\/8604","targetHints":{"allow":["GET"]}}],"collection":[{"href":"https:\/\/www.tejidosanacordoba.es\/index.php\/wp-json\/wp\/v2\/product"}],"about":[{"href":"https:\/\/www.tejidosanacordoba.es\/index.php\/wp-json\/wp\/v2\/types\/product"}],"replies":[{"embeddable":true,"href":"https:\/\/www.tejidosanacordoba.es\/index.php\/wp-json\/wp\/v2\/comments?post=8604"}],"version-history":[{"count":1,"href":"https:\/\/www.tejidosanacordoba.es\/index.php\/wp-json\/wp\/v2\/product\/8604\/revisions"}],"predecessor-version":[{"id":8605,"href":"https:\/\/www.tejidosanacordoba.es\/index.php\/wp-json\/wp\/v2\/product\/8604\/revisions\/8605"}],"wp:featuredmedia":[{"embeddable":true,"href":"https:\/\/www.tejidosanacordoba.es\/index.php\/wp-json\/wp\/v2\/media\/8569"}],"wp:attachment":[{"href":"https:\/\/www.tejidosanacordoba.es\/index.php\/wp-json\/wp\/v2\/media?parent=8604"}],"wp:term":[{"taxonomy":"product_brand","embeddable":true,"href":"https:\/\/www.tejidosanacordoba.es\/index.php\/wp-json\/wp\/v2\/product_brand?post=8604"},{"taxonomy":"product_cat","embeddable":true,"href":"https:\/\/www.tejidosanacordoba.es\/index.php\/wp-json\/wp\/v2\/product_cat?post=8604"},{"taxonomy":"product_tag","embeddable":true,"href":"https:\/\/www.tejidosanacordoba.es\/index.php\/wp-json\/wp\/v2\/product_tag?post=8604"}],"curies":[{"name":"wp","href":"https:\/\/api.w.org\/{rel}","templated":true}]}}