{"id":8920,"date":"2022-10-19T17:21:27","date_gmt":"2022-10-19T16:21:27","guid":{"rendered":"https:\/\/www.tejidosanacordoba.es\/?post_type=product&#038;p=8920"},"modified":"2023-09-26T22:15:40","modified_gmt":"2023-09-26T21:15:40","slug":"christmas-9-1","status":"publish","type":"product","link":"https:\/\/www.tejidosanacordoba.es\/index.php\/producto\/christmas-9-1\/","title":{"rendered":"Christmas 9.1"},"content":{"rendered":"","protected":false},"excerpt":{"rendered":"<p><span class=\"a-list-item\">\u00a0100% algod\u00f3n<\/span><\/p>\n<p>Ancho 110 cm<\/p>\n<p><span class=\"a-list-item\">T<\/span><span class=\"a-list-item\">elas con m\u00faltiples dise\u00f1os: Pap\u00e1 Noel, mu\u00f1eco de nieve, reno, nieve, etc\u2026..<\/span><\/p>\n<p><span class=\"a-list-item\">Se utiliza para cojines, almohadas, tela, colchas, patchwork, mu\u00f1ecas, \u00e1lbumes de recortes, ropa de cama infantil y otras costuras.<\/span><\/p>\n<p>Los colores pueden variar seg\u00fan el dispositivo que se vean<\/p>\n","protected":false},"featured_media":8864,"comment_status":"open","ping_status":"closed","template":"","meta":[],"product_brand":[],"product_cat":[105,46],"product_tag":[],"class_list":{"0":"post-8920","1":"product","2":"type-product","3":"status-publish","4":"has-post-thumbnail","6":"product_cat-navidad","7":"product_cat-made-in-japon","9":"first","10":"instock","11":"taxable","12":"shipping-taxable","13":"purchasable","14":"product-type-simple","15":"add-to-wishlist-after_add_to_cart"},"jetpack_sharing_enabled":true,"_links":{"self":[{"href":"https:\/\/www.tejidosanacordoba.es\/index.php\/wp-json\/wp\/v2\/product\/8920","targetHints":{"allow":["GET"]}}],"collection":[{"href":"https:\/\/www.tejidosanacordoba.es\/index.php\/wp-json\/wp\/v2\/product"}],"about":[{"href":"https:\/\/www.tejidosanacordoba.es\/index.php\/wp-json\/wp\/v2\/types\/product"}],"replies":[{"embeddable":true,"href":"https:\/\/www.tejidosanacordoba.es\/index.php\/wp-json\/wp\/v2\/comments?post=8920"}],"version-history":[{"count":1,"href":"https:\/\/www.tejidosanacordoba.es\/index.php\/wp-json\/wp\/v2\/product\/8920\/revisions"}],"predecessor-version":[{"id":8922,"href":"https:\/\/www.tejidosanacordoba.es\/index.php\/wp-json\/wp\/v2\/product\/8920\/revisions\/8922"}],"wp:featuredmedia":[{"embeddable":true,"href":"https:\/\/www.tejidosanacordoba.es\/index.php\/wp-json\/wp\/v2\/media\/8864"}],"wp:attachment":[{"href":"https:\/\/www.tejidosanacordoba.es\/index.php\/wp-json\/wp\/v2\/media?parent=8920"}],"wp:term":[{"taxonomy":"product_brand","embeddable":true,"href":"https:\/\/www.tejidosanacordoba.es\/index.php\/wp-json\/wp\/v2\/product_brand?post=8920"},{"taxonomy":"product_cat","embeddable":true,"href":"https:\/\/www.tejidosanacordoba.es\/index.php\/wp-json\/wp\/v2\/product_cat?post=8920"},{"taxonomy":"product_tag","embeddable":true,"href":"https:\/\/www.tejidosanacordoba.es\/index.php\/wp-json\/wp\/v2\/product_tag?post=8920"}],"curies":[{"name":"wp","href":"https:\/\/api.w.org\/{rel}","templated":true}]}}

<p><span class="a-list-item"> 100% algodón</span></p>
<p>Ancho 110 cm</p>
<p><span class="a-list-item">T</span><span class="a-list-item">elas con múltiples diseños: Papá Noel, muñeco de nieve, reno, nieve, etc…..</span></p>
<p><span class="a-list-item">Se utiliza para cojines, almohadas, tela, colchas, patchwork, muñecas, álbumes de recortes, ropa de cama infantil y otras costuras.</span></p>
<p>Los colores pueden variar según el dispositivo que se vean</p>
