{"id":9156,"date":"2022-11-10T13:01:54","date_gmt":"2022-11-10T12:01:54","guid":{"rendered":"https:\/\/www.tejidosanacordoba.es\/?post_type=product&#038;p=9156"},"modified":"2022-11-10T13:01:54","modified_gmt":"2022-11-10T12:01:54","slug":"poplin-aw-ducks-landscape","status":"publish","type":"product","link":"https:\/\/www.tejidosanacordoba.es\/index.php\/producto\/poplin-aw-ducks-landscape\/","title":{"rendered":"Poplin AW Ducks Landscape"},"content":{"rendered":"","protected":false},"excerpt":{"rendered":"<p>Tela de algod\u00f3n 100% con un original estampado inspiraci\u00f3n granjera sobre un fondo un fondo arena: granjas, molinos, \u00e1rboles, frutas&#8230; La tela popel\u00edn de algod\u00f3n Poplin Ducks Landscape, como todos los tejidos de popel\u00edn de Katia Fabrics, cuenta con el certificado Standard 100 by Oeko-Tex\u00ae. Es decir, es un tejido perfecto para las pieles m\u00e1s sensibles al no tener sustancias nocivas ni en los textiles ni en su fabricaci\u00f3n. Gracias a esto y a su tacto suave, este tejido de algod\u00f3n es perfecto para coser prendas de beb\u00e9, vestidos y blusas para ni\u00f1os.<\/p>\n<div class=\"col-md-7 shop-ap\">\n<div class=\"container container-tabs-info\">\n<div class=\"row\">\n<div class=\"col-md-12\">\n<div class=\"\">\n<div class=\"tab-content\">\n<div id=\"info\" class=\"tab-pane fade show active \" role=\"tabpanel\">\n<div class=\"row\">\n<div class=\"col-md-12\">\n<div>\n<p>-Aguja universal \/ grosor: 80\/90<\/p>\n<p>-Vaporizar o lavar antes de cortar y confeccionar.<\/p>\n<p>-Los estampados con Glitter del Poplin Gold, plancharlos siempre por el rev\u00e9s del tejido.<\/p>\n<\/div>\n<\/div>\n<\/div>\n<\/div>\n<\/div>\n<\/div>\n<\/div>\n<\/div>\n<\/div>\n<\/div>\n<div>Los colores pueden cambiar dependiendo el dispositivo con el que se vean.<\/div>\n","protected":false},"featured_media":9155,"comment_status":"open","ping_status":"closed","template":"","meta":[],"product_brand":[],"product_cat":[96,36],"product_tag":[],"class_list":{"0":"post-9156","1":"product","2":"type-product","3":"status-publish","4":"has-post-thumbnail","6":"product_cat-katia","7":"product_cat-estampados-originales","9":"first","10":"instock","11":"taxable","12":"shipping-taxable","13":"purchasable","14":"product-type-simple","15":"add-to-wishlist-after_add_to_cart"},"jetpack_sharing_enabled":true,"_links":{"self":[{"href":"https:\/\/www.tejidosanacordoba.es\/index.php\/wp-json\/wp\/v2\/product\/9156","targetHints":{"allow":["GET"]}}],"collection":[{"href":"https:\/\/www.tejidosanacordoba.es\/index.php\/wp-json\/wp\/v2\/product"}],"about":[{"href":"https:\/\/www.tejidosanacordoba.es\/index.php\/wp-json\/wp\/v2\/types\/product"}],"replies":[{"embeddable":true,"href":"https:\/\/www.tejidosanacordoba.es\/index.php\/wp-json\/wp\/v2\/comments?post=9156"}],"version-history":[{"count":1,"href":"https:\/\/www.tejidosanacordoba.es\/index.php\/wp-json\/wp\/v2\/product\/9156\/revisions"}],"predecessor-version":[{"id":9157,"href":"https:\/\/www.tejidosanacordoba.es\/index.php\/wp-json\/wp\/v2\/product\/9156\/revisions\/9157"}],"wp:featuredmedia":[{"embeddable":true,"href":"https:\/\/www.tejidosanacordoba.es\/index.php\/wp-json\/wp\/v2\/media\/9155"}],"wp:attachment":[{"href":"https:\/\/www.tejidosanacordoba.es\/index.php\/wp-json\/wp\/v2\/media?parent=9156"}],"wp:term":[{"taxonomy":"product_brand","embeddable":true,"href":"https:\/\/www.tejidosanacordoba.es\/index.php\/wp-json\/wp\/v2\/product_brand?post=9156"},{"taxonomy":"product_cat","embeddable":true,"href":"https:\/\/www.tejidosanacordoba.es\/index.php\/wp-json\/wp\/v2\/product_cat?post=9156"},{"taxonomy":"product_tag","embeddable":true,"href":"https:\/\/www.tejidosanacordoba.es\/index.php\/wp-json\/wp\/v2\/product_tag?post=9156"}],"curies":[{"name":"wp","href":"https:\/\/api.w.org\/{rel}","templated":true}]}}