{"id":9349,"date":"2022-11-23T13:28:04","date_gmt":"2022-11-23T12:28:04","guid":{"rendered":"https:\/\/www.tejidosanacordoba.es\/?post_type=product&#038;p=9349"},"modified":"2022-11-23T13:28:04","modified_gmt":"2022-11-23T12:28:04","slug":"82151-verde-oscuro","status":"publish","type":"product","link":"https:\/\/www.tejidosanacordoba.es\/index.php\/producto\/82151-verde-oscuro\/","title":{"rendered":"82151 &#8211; Verde oscuro"},"content":{"rendered":"","protected":false},"excerpt":{"rendered":"<p>100% Algod\u00f3n Mercerizado<br \/>\n50 grs<\/p>\n<div class=\"description-product sidebar-box\">\n<p>Algod\u00f3n ligero, con brillo y con una amplia carta de colores.<br \/>\nCapri es un hilo agradable y c\u00f3modo para vestidos de punto, jers\u00e9is de verano o tops de ni\u00f1a.<br \/>\nIdeal como algod\u00f3n mercerizado para amigurumis.<\/p>\n<\/div>\n<div class=\"description-product sidebar-box\">\n<p>Cada ovillo tiene 50 gramos y 125 metros. Este hilo es de grosor fino, recomendamos usar agujas del 2,5-3 o ganchillo del 2.<br \/>\nPara realizar un jersey de mujer de manga corta talla 42 se necesitan 8 ovillos.<br \/>\nLavable a m\u00e1quina hasta 30\u00baC. No usar secadora.<\/p>\n<p>Los colores pueden variar seg\u00fan el dispositivo con el qu<\/p>\n<\/div>\n","protected":false},"featured_media":9327,"comment_status":"open","ping_status":"closed","template":"","meta":[],"product_brand":[],"product_cat":[122],"product_tag":[],"class_list":{"0":"post-9349","1":"product","2":"type-product","3":"status-publish","4":"has-post-thumbnail","6":"product_cat-capri-lanas-katia","8":"first","9":"instock","10":"taxable","11":"shipping-taxable","12":"purchasable","13":"product-type-simple","14":"add-to-wishlist-after_add_to_cart"},"jetpack_sharing_enabled":true,"_links":{"self":[{"href":"https:\/\/www.tejidosanacordoba.es\/index.php\/wp-json\/wp\/v2\/product\/9349","targetHints":{"allow":["GET"]}}],"collection":[{"href":"https:\/\/www.tejidosanacordoba.es\/index.php\/wp-json\/wp\/v2\/product"}],"about":[{"href":"https:\/\/www.tejidosanacordoba.es\/index.php\/wp-json\/wp\/v2\/types\/product"}],"replies":[{"embeddable":true,"href":"https:\/\/www.tejidosanacordoba.es\/index.php\/wp-json\/wp\/v2\/comments?post=9349"}],"version-history":[{"count":1,"href":"https:\/\/www.tejidosanacordoba.es\/index.php\/wp-json\/wp\/v2\/product\/9349\/revisions"}],"predecessor-version":[{"id":9351,"href":"https:\/\/www.tejidosanacordoba.es\/index.php\/wp-json\/wp\/v2\/product\/9349\/revisions\/9351"}],"wp:featuredmedia":[{"embeddable":true,"href":"https:\/\/www.tejidosanacordoba.es\/index.php\/wp-json\/wp\/v2\/media\/9327"}],"wp:attachment":[{"href":"https:\/\/www.tejidosanacordoba.es\/index.php\/wp-json\/wp\/v2\/media?parent=9349"}],"wp:term":[{"taxonomy":"product_brand","embeddable":true,"href":"https:\/\/www.tejidosanacordoba.es\/index.php\/wp-json\/wp\/v2\/product_brand?post=9349"},{"taxonomy":"product_cat","embeddable":true,"href":"https:\/\/www.tejidosanacordoba.es\/index.php\/wp-json\/wp\/v2\/product_cat?post=9349"},{"taxonomy":"product_tag","embeddable":true,"href":"https:\/\/www.tejidosanacordoba.es\/index.php\/wp-json\/wp\/v2\/product_tag?post=9349"}],"curies":[{"name":"wp","href":"https:\/\/api.w.org\/{rel}","templated":true}]}}

<p>100% Algodón Mercerizado<br />
50 grs</p>
<div class="description-product sidebar-box">
<p>Algodón ligero, con brillo y con una amplia carta de colores.<br />
Capri es un hilo agradable y cómodo para vestidos de punto, jerséis de verano o tops de niña.<br />
Ideal como algodón mercerizado para amigurumis.</p>
</div>
<div class="description-product sidebar-box">
<p>Cada ovillo tiene 50 gramos y 125 metros. Este hilo es de grosor fino, recomendamos usar agujas del 2,5-3 o ganchillo del 2.<br />
Para realizar un jersey de mujer de manga corta talla 42 se necesitan 8 ovillos.<br />
Lavable a máquina hasta 30ºC. No usar secadora.</p>
<p>Los colores pueden variar según el dispositivo con el qu</p>
</div>
