{"id":9775,"date":"2023-02-16T19:01:08","date_gmt":"2023-02-16T18:01:08","guid":{"rendered":"https:\/\/www.tejidosanacordoba.es\/?post_type=product&#038;p=9775"},"modified":"2023-02-16T22:56:05","modified_gmt":"2023-02-16T21:56:05","slug":"jersey-lemur","status":"publish","type":"product","link":"https:\/\/www.tejidosanacordoba.es\/index.php\/producto\/jersey-lemur\/","title":{"rendered":"Jersey Lemur"},"content":{"rendered":"","protected":false},"excerpt":{"rendered":"<p>95% Algod\u00f3n &#8211; 5% Elast\u00e1n<\/p>\n<p>145-150cm &#8211; 210gr\/mt2<\/p>\n<p>-Aguja para Jersey, SUK punta de bola\/ grosor: 70\/80<\/p>\n<p>-Confeccionar con tensi\u00f3n baja en el hilo superior de la m\u00e1quina de coser y puntada peque\u00f1a para que cuando estiremos las costuras no se rompa el pespunte. Evitar estirar el tejido al confeccionar para que no cedan las costuras.<\/p>\n<p>-Si se dispone de maquina overlock, ideal para todas las costuras, ajustar el diferencial hasta que veamos que el tejido no se estira. Confeccionar los dobladillos con aguja gemela para Jersey.<\/p>\n<p>-Vaporizar o lavar antes de cortar y confeccionar.<\/p>\n<p>-Los estampados con Glitter del JERSEY GOLD, plancharlos siempre por el rev\u00e9s del tejido.<\/p>\n<p>Tejido de punto jersey o punto camiseta con un singular estampado de l\u00e9mures sobre un fondo rosa. La tela de punto Camiseta Jersey Lemur tiene mayor flexibilidad gracias a su 5 % de elast\u00e1n en su composici\u00f3n d\u00e1ndole una mayor confort para coser prendas divertidas y confortables para tus peques. Es un tejido perfecto para coser prendas sport como vestidos c\u00f3modos, camisetas y pijamas. En la Revista de patrones de costura Flower Landscapes Primavera-Verano 23 de Katia Fabrics hay patrones ideales para esta tela de punto camiseta.<\/p>\n<p>Los colores pueden variar seg\u00fan el dispositivo con el que se vean.<\/p>\n","protected":false},"featured_media":9638,"comment_status":"open","ping_status":"closed","template":"","meta":[],"product_brand":[],"product_cat":[96,36,49],"product_tag":[],"class_list":{"0":"post-9775","1":"product","2":"type-product","3":"status-publish","4":"has-post-thumbnail","6":"product_cat-katia","7":"product_cat-estampados-originales","8":"product_cat-puntos-de-algodon","10":"first","11":"instock","12":"taxable","13":"shipping-taxable","14":"purchasable","15":"product-type-simple","16":"add-to-wishlist-after_add_to_cart"},"jetpack_sharing_enabled":true,"_links":{"self":[{"href":"https:\/\/www.tejidosanacordoba.es\/index.php\/wp-json\/wp\/v2\/product\/9775","targetHints":{"allow":["GET"]}}],"collection":[{"href":"https:\/\/www.tejidosanacordoba.es\/index.php\/wp-json\/wp\/v2\/product"}],"about":[{"href":"https:\/\/www.tejidosanacordoba.es\/index.php\/wp-json\/wp\/v2\/types\/product"}],"replies":[{"embeddable":true,"href":"https:\/\/www.tejidosanacordoba.es\/index.php\/wp-json\/wp\/v2\/comments?post=9775"}],"version-history":[{"count":1,"href":"https:\/\/www.tejidosanacordoba.es\/index.php\/wp-json\/wp\/v2\/product\/9775\/revisions"}],"predecessor-version":[{"id":9776,"href":"https:\/\/www.tejidosanacordoba.es\/index.php\/wp-json\/wp\/v2\/product\/9775\/revisions\/9776"}],"wp:featuredmedia":[{"embeddable":true,"href":"https:\/\/www.tejidosanacordoba.es\/index.php\/wp-json\/wp\/v2\/media\/9638"}],"wp:attachment":[{"href":"https:\/\/www.tejidosanacordoba.es\/index.php\/wp-json\/wp\/v2\/media?parent=9775"}],"wp:term":[{"taxonomy":"product_brand","embeddable":true,"href":"https:\/\/www.tejidosanacordoba.es\/index.php\/wp-json\/wp\/v2\/product_brand?post=9775"},{"taxonomy":"product_cat","embeddable":true,"href":"https:\/\/www.tejidosanacordoba.es\/index.php\/wp-json\/wp\/v2\/product_cat?post=9775"},{"taxonomy":"product_tag","embeddable":true,"href":"https:\/\/www.tejidosanacordoba.es\/index.php\/wp-json\/wp\/v2\/product_tag?post=9775"}],"curies":[{"name":"wp","href":"https:\/\/api.w.org\/{rel}","templated":true}]}}